{"id":20,"date":"2017-04-07T14:25:34","date_gmt":"2017-04-07T12:25:34","guid":{"rendered":"https:\/\/syndicoop.fr\/a2s\/?page_id=20"},"modified":"2020-12-09T17:52:04","modified_gmt":"2020-12-09T16:52:04","slug":"a-propos","status":"publish","type":"page","link":"https:\/\/syndicoop.fr\/a2s\/a-propos\/","title":{"rendered":"Qu&rsquo;est-ce que l&rsquo;A2S ?"},"content":{"rendered":"<p>Chaque vendredi, un bulletin interne de l\u2019activit\u00e9 sp\u00e9cifique CGT publi\u00e9 directement dans votre flux Syndicoop.<\/p>\n<p>Vous pouvez aussi vous abonner par mail https:\/\/syndicoop.fr\/a2s\/sabonner\/ pour recevoir directement ces actualit\u00e9s, initiatives et outils pour le d\u00e9ploiement ICTAM.<\/p>\n<p>Ces contenus ne sont accessibles qu&rsquo;aux personnes connect\u00e9es \u00e0 syndicoop.<\/p>\n","protected":false},"excerpt":{"rendered":"<p>Chaque vendredi, un bulletin interne de l\u2019activit\u00e9 sp\u00e9cifique CGT publi\u00e9 directement dans votre flux Syndicoop. Vous pouvez aussi vous abonner par mail https:\/\/syndicoop.fr\/a2s\/sabonner\/ pour recevoir directement ces actualit\u00e9s, initiatives et outils pour le d\u00e9ploiement ICTAM. Ces contenus ne sont accessibles qu&rsquo;aux personnes connect\u00e9es \u00e0 syndicoop.<\/p>\n","protected":false},"author":1,"featured_media":0,"parent":0,"menu_order":0,"comment_status":"closed","ping_status":"closed","template":"","meta":{"footnotes":""},"class_list":["post-20","page","type-page","status-publish","hentry"],"_links":{"self":[{"href":"https:\/\/syndicoop.fr\/a2s\/wp-json\/wp\/v2\/pages\/20","targetHints":{"allow":["GET"]}}],"collection":[{"href":"https:\/\/syndicoop.fr\/a2s\/wp-json\/wp\/v2\/pages"}],"about":[{"href":"https:\/\/syndicoop.fr\/a2s\/wp-json\/wp\/v2\/types\/page"}],"author":[{"embeddable":true,"href":"https:\/\/syndicoop.fr\/a2s\/wp-json\/wp\/v2\/users\/1"}],"replies":[{"embeddable":true,"href":"https:\/\/syndicoop.fr\/a2s\/wp-json\/wp\/v2\/comments?post=20"}],"version-history":[{"count":0,"href":"https:\/\/syndicoop.fr\/a2s\/wp-json\/wp\/v2\/pages\/20\/revisions"}],"wp:attachment":[{"href":"https:\/\/syndicoop.fr\/a2s\/wp-json\/wp\/v2\/media?parent=20"}],"curies":[{"name":"wp","href":"https:\/\/api.w.org\/{rel}","templated":true}]}}