{"id":9,"date":"2019-10-07T15:33:33","date_gmt":"2019-10-07T13:33:33","guid":{"rendered":"https:\/\/syndicoop.fr\/evaluation\/?page_id=9"},"modified":"2019-10-22T12:32:58","modified_gmt":"2019-10-22T10:32:58","slug":"le-contenu-des-entretiens-annuels-doit-il-rester-confidentiel","status":"publish","type":"page","link":"https:\/\/syndicoop.fr\/evaluation\/evalue\/le-contenu-des-entretiens-annuels-doit-il-rester-confidentiel\/","title":{"rendered":"Le contenu des entretiens annuels doit-il rester confidentiel ?"},"content":{"rendered":"<p>L\u2019employeur n\u2019a pas \u00e0 diffuser le contenu des entretiens d\u2019\u00e9valuation. Et c\u2019est pr\u00e9f\u00e9rable au regard de l\u2019utilisation qui peut en \u00eatre faite par ailleurs pour justifier des d\u00e9cisions arbitraires lors de changement de poste, promotion, etc.<\/p>\n<p>En revanche, vous avez le droit, et nous vous le conseillons, de partager avec vos coll\u00e8gues les conditions de r\u00e9alisation de l\u2019entretien, les crit\u00e8res utilis\u00e9s, les arguments avanc\u00e9s, etc.<\/p>\n<p>Les r\u00e9sultats de l\u2019\u00e9valuation doivent rester confidentiels (C. trav., art. L. 1222-3). La confidentialit\u00e9 s\u2019entend de l\u2019interdiction de transmettre l\u2019\u00e9valuation \u00e0 des tiers et ne concerne donc pas la communication de cette derni\u00e8re aux d\u00e9cideurs et au DRH de l\u2019entreprise ou \u00e0 un juge saisi dans le cadre d\u2019un contentieux. Le salari\u00e9 dispose d\u2019un droit d\u2019acc\u00e8s aux rapports d\u2019\u00e9valuation effectu\u00e9s sur lui. Il peut demander la copie int\u00e9grale des donn\u00e9es d\u2019\u00e9valuation qui le concerne. La non communication de sa fiche de notation \u00e0 un salari\u00e9 la demandant constitue un acte discriminatoire \u00e0 son encontre (Cass. soc., 23 oct. 2001, n\u00b0 99-44.215).<\/p>\n","protected":false},"excerpt":{"rendered":"<p>L\u2019employeur n\u2019a pas \u00e0 diffuser le contenu des entretiens d\u2019\u00e9valuation. Et c\u2019est pr\u00e9f\u00e9rable au regard de l\u2019utilisation qui peut en \u00eatre faite par ailleurs pour justifier des d\u00e9cisions arbitraires lors de changement de poste, promotion, etc. En revanche, vous avez le droit, et nous vous le conseillons, de partager avec vos coll\u00e8gues les conditions de [&hellip;]<\/p>\n","protected":false},"author":1,"featured_media":181,"parent":6,"menu_order":14,"comment_status":"closed","ping_status":"closed","template":"","meta":{"footnotes":""},"class_list":["post-9","page","type-page","status-publish","has-post-thumbnail","hentry"],"yoast_head":"<!-- This site is optimized with the Yoast SEO plugin v26.3 - https:\/\/yoast.com\/wordpress\/plugins\/seo\/ -->\n<title>Le contenu des entretiens annuels doit-il rester confidentiel ? - Guide pratique de l&#039;entretien d&#039;\u00e9valuation<\/title>\n<meta name=\"robots\" content=\"index, follow, max-snippet:-1, max-image-preview:large, max-video-preview:-1\" \/>\n<link rel=\"canonical\" href=\"https:\/\/syndicoop.fr\/evaluation\/evalue\/le-contenu-des-entretiens-annuels-doit-il-rester-confidentiel\/\" \/>\n<meta property=\"og:locale\" content=\"fr_FR\" \/>\n<meta property=\"og:type\" content=\"article\" \/>\n<meta property=\"og:title\" content=\"Le contenu des entretiens annuels doit-il rester confidentiel ? - Guide pratique de l&#039;entretien d&#039;\u00e9valuation\" \/>\n<meta property=\"og:description\" content=\"L\u2019employeur n\u2019a pas \u00e0 diffuser le contenu des entretiens d\u2019\u00e9valuation. Et c\u2019est pr\u00e9f\u00e9rable au regard de l\u2019utilisation qui peut en \u00eatre faite par ailleurs pour justifier des d\u00e9cisions arbitraires lors de changement de poste, promotion, etc. En revanche, vous avez le droit, et nous vous le conseillons, de partager avec vos coll\u00e8gues les conditions de [&hellip;]\" \/>\n<meta property=\"og:url\" content=\"https:\/\/syndicoop.fr\/evaluation\/evalue\/le-contenu-des-entretiens-annuels-doit-il-rester-confidentiel\/\" \/>\n<meta property=\"og:site_name\" content=\"Guide pratique de l&#039;entretien d&#039;\u00e9valuation\" \/>\n<meta property=\"article:publisher\" content=\"https:\/\/www.facebook.com\/UGICT\/\" \/>\n<meta property=\"article:modified_time\" content=\"2019-10-22T10:32:58+00:00\" \/>\n<meta property=\"og:image\" content=\"https:\/\/syndicoop.fr\/evaluation\/wp-content\/uploads\/sites\/40\/2019\/10\/Fiche-Evalue-14-Facebook-1200x630.jpg\" \/>\n\t<meta property=\"og:image:width\" content=\"2048\" \/>\n\t<meta property=\"og:image:height\" content=\"1075\" \/>\n\t<meta property=\"og:image:type\" content=\"image\/jpeg\" \/>\n<meta name=\"twitter:card\" content=\"summary_large_image\" \/>\n<meta name=\"twitter:site\" content=\"@CGTCadresTechs\" \/>\n<meta name=\"twitter:label1\" content=\"Dur\u00e9e de lecture estim\u00e9e\" \/>\n\t<meta name=\"twitter:data1\" content=\"1 minute\" \/>\n<script type=\"application\/ld+json\" class=\"yoast-schema-graph\">{\"@context\":\"https:\/\/schema.org\",\"@graph\":[{\"@type\":\"WebPage\",\"@id\":\"https:\/\/syndicoop.fr\/evaluation\/evalue\/le-contenu-des-entretiens-annuels-doit-il-rester-confidentiel\/\",\"url\":\"https:\/\/syndicoop.fr\/evaluation\/evalue\/le-contenu-des-entretiens-annuels-doit-il-rester-confidentiel\/\",\"name\":\"Le contenu des entretiens annuels doit-il rester confidentiel ? - Guide pratique de l&#039;entretien d&#039;\u00e9valuation\",\"isPartOf\":{\"@id\":\"https:\/\/syndicoop.fr\/evaluation\/#website\"},\"primaryImageOfPage\":{\"@id\":\"https:\/\/syndicoop.fr\/evaluation\/evalue\/le-contenu-des-entretiens-annuels-doit-il-rester-confidentiel\/#primaryimage\"},\"image\":{\"@id\":\"https:\/\/syndicoop.fr\/evaluation\/evalue\/le-contenu-des-entretiens-annuels-doit-il-rester-confidentiel\/#primaryimage\"},\"thumbnailUrl\":\"https:\/\/syndicoop.fr\/evaluation\/wp-content\/uploads\/sites\/40\/2019\/10\/Fiche-Evalue-14-Facebook-1200x630.jpg\",\"datePublished\":\"2019-10-07T13:33:33+00:00\",\"dateModified\":\"2019-10-22T10:32:58+00:00\",\"breadcrumb\":{\"@id\":\"https:\/\/syndicoop.fr\/evaluation\/evalue\/le-contenu-des-entretiens-annuels-doit-il-rester-confidentiel\/#breadcrumb\"},\"inLanguage\":\"fr-FR\",\"potentialAction\":[{\"@type\":\"ReadAction\",\"target\":[\"https:\/\/syndicoop.fr\/evaluation\/evalue\/le-contenu-des-entretiens-annuels-doit-il-rester-confidentiel\/\"]}]},{\"@type\":\"ImageObject\",\"inLanguage\":\"fr-FR\",\"@id\":\"https:\/\/syndicoop.fr\/evaluation\/evalue\/le-contenu-des-entretiens-annuels-doit-il-rester-confidentiel\/#primaryimage\",\"url\":\"https:\/\/syndicoop.fr\/evaluation\/wp-content\/uploads\/sites\/40\/2019\/10\/Fiche-Evalue-14-Facebook-1200x630.jpg\",\"contentUrl\":\"https:\/\/syndicoop.fr\/evaluation\/wp-content\/uploads\/sites\/40\/2019\/10\/Fiche-Evalue-14-Facebook-1200x630.jpg\",\"width\":2048,\"height\":1075},{\"@type\":\"BreadcrumbList\",\"@id\":\"https:\/\/syndicoop.fr\/evaluation\/evalue\/le-contenu-des-entretiens-annuels-doit-il-rester-confidentiel\/#breadcrumb\",\"itemListElement\":[{\"@type\":\"ListItem\",\"position\":1,\"name\":\"Accueil\",\"item\":\"https:\/\/syndicoop.fr\/evaluation\/\"},{\"@type\":\"ListItem\",\"position\":2,\"name\":\"Je suis \u00e9valu\u00e9\u00b7e\",\"item\":\"https:\/\/syndicoop.fr\/evaluation\/evalue\/\"},{\"@type\":\"ListItem\",\"position\":3,\"name\":\"Le contenu des entretiens annuels doit-il rester confidentiel&#160;?\"}]},{\"@type\":\"WebSite\",\"@id\":\"https:\/\/syndicoop.fr\/evaluation\/#website\",\"url\":\"https:\/\/syndicoop.fr\/evaluation\/\",\"name\":\"Guide pratique de l&#039;entretien d&#039;\u00e9valuation\",\"description\":\"Avec Syndicoop, plateforme syndicale et coop\u00e9rative\",\"potentialAction\":[{\"@type\":\"SearchAction\",\"target\":{\"@type\":\"EntryPoint\",\"urlTemplate\":\"https:\/\/syndicoop.fr\/evaluation\/?s={search_term_string}\"},\"query-input\":{\"@type\":\"PropertyValueSpecification\",\"valueRequired\":true,\"valueName\":\"search_term_string\"}}],\"inLanguage\":\"fr-FR\"}]}<\/script>\n<!-- \/ Yoast SEO plugin. -->","yoast_head_json":{"title":"Le contenu des entretiens annuels doit-il rester confidentiel ? - Guide pratique de l&#039;entretien d&#039;\u00e9valuation","robots":{"index":"index","follow":"follow","max-snippet":"max-snippet:-1","max-image-preview":"max-image-preview:large","max-video-preview":"max-video-preview:-1"},"canonical":"https:\/\/syndicoop.fr\/evaluation\/evalue\/le-contenu-des-entretiens-annuels-doit-il-rester-confidentiel\/","og_locale":"fr_FR","og_type":"article","og_title":"Le contenu des entretiens annuels doit-il rester confidentiel ? - Guide pratique de l&#039;entretien d&#039;\u00e9valuation","og_description":"L\u2019employeur n\u2019a pas \u00e0 diffuser le contenu des entretiens d\u2019\u00e9valuation. Et c\u2019est pr\u00e9f\u00e9rable au regard de l\u2019utilisation qui peut en \u00eatre faite par ailleurs pour justifier des d\u00e9cisions arbitraires lors de changement de poste, promotion, etc. En revanche, vous avez le droit, et nous vous le conseillons, de partager avec vos coll\u00e8gues les conditions de [&hellip;]","og_url":"https:\/\/syndicoop.fr\/evaluation\/evalue\/le-contenu-des-entretiens-annuels-doit-il-rester-confidentiel\/","og_site_name":"Guide pratique de l&#039;entretien d&#039;\u00e9valuation","article_publisher":"https:\/\/www.facebook.com\/UGICT\/","article_modified_time":"2019-10-22T10:32:58+00:00","og_image":[{"width":2048,"height":1075,"url":"https:\/\/syndicoop.fr\/evaluation\/wp-content\/uploads\/sites\/40\/2019\/10\/Fiche-Evalue-14-Facebook-1200x630.jpg","type":"image\/jpeg"}],"twitter_card":"summary_large_image","twitter_site":"@CGTCadresTechs","twitter_misc":{"Dur\u00e9e de lecture estim\u00e9e":"1 minute"},"schema":{"@context":"https:\/\/schema.org","@graph":[{"@type":"WebPage","@id":"https:\/\/syndicoop.fr\/evaluation\/evalue\/le-contenu-des-entretiens-annuels-doit-il-rester-confidentiel\/","url":"https:\/\/syndicoop.fr\/evaluation\/evalue\/le-contenu-des-entretiens-annuels-doit-il-rester-confidentiel\/","name":"Le contenu des entretiens annuels doit-il rester confidentiel ? - Guide pratique de l&#039;entretien d&#039;\u00e9valuation","isPartOf":{"@id":"https:\/\/syndicoop.fr\/evaluation\/#website"},"primaryImageOfPage":{"@id":"https:\/\/syndicoop.fr\/evaluation\/evalue\/le-contenu-des-entretiens-annuels-doit-il-rester-confidentiel\/#primaryimage"},"image":{"@id":"https:\/\/syndicoop.fr\/evaluation\/evalue\/le-contenu-des-entretiens-annuels-doit-il-rester-confidentiel\/#primaryimage"},"thumbnailUrl":"https:\/\/syndicoop.fr\/evaluation\/wp-content\/uploads\/sites\/40\/2019\/10\/Fiche-Evalue-14-Facebook-1200x630.jpg","datePublished":"2019-10-07T13:33:33+00:00","dateModified":"2019-10-22T10:32:58+00:00","breadcrumb":{"@id":"https:\/\/syndicoop.fr\/evaluation\/evalue\/le-contenu-des-entretiens-annuels-doit-il-rester-confidentiel\/#breadcrumb"},"inLanguage":"fr-FR","potentialAction":[{"@type":"ReadAction","target":["https:\/\/syndicoop.fr\/evaluation\/evalue\/le-contenu-des-entretiens-annuels-doit-il-rester-confidentiel\/"]}]},{"@type":"ImageObject","inLanguage":"fr-FR","@id":"https:\/\/syndicoop.fr\/evaluation\/evalue\/le-contenu-des-entretiens-annuels-doit-il-rester-confidentiel\/#primaryimage","url":"https:\/\/syndicoop.fr\/evaluation\/wp-content\/uploads\/sites\/40\/2019\/10\/Fiche-Evalue-14-Facebook-1200x630.jpg","contentUrl":"https:\/\/syndicoop.fr\/evaluation\/wp-content\/uploads\/sites\/40\/2019\/10\/Fiche-Evalue-14-Facebook-1200x630.jpg","width":2048,"height":1075},{"@type":"BreadcrumbList","@id":"https:\/\/syndicoop.fr\/evaluation\/evalue\/le-contenu-des-entretiens-annuels-doit-il-rester-confidentiel\/#breadcrumb","itemListElement":[{"@type":"ListItem","position":1,"name":"Accueil","item":"https:\/\/syndicoop.fr\/evaluation\/"},{"@type":"ListItem","position":2,"name":"Je suis \u00e9valu\u00e9\u00b7e","item":"https:\/\/syndicoop.fr\/evaluation\/evalue\/"},{"@type":"ListItem","position":3,"name":"Le contenu des entretiens annuels doit-il rester confidentiel&#160;?"}]},{"@type":"WebSite","@id":"https:\/\/syndicoop.fr\/evaluation\/#website","url":"https:\/\/syndicoop.fr\/evaluation\/","name":"Guide pratique de l&#039;entretien d&#039;\u00e9valuation","description":"Avec Syndicoop, plateforme syndicale et coop\u00e9rative","potentialAction":[{"@type":"SearchAction","target":{"@type":"EntryPoint","urlTemplate":"https:\/\/syndicoop.fr\/evaluation\/?s={search_term_string}"},"query-input":{"@type":"PropertyValueSpecification","valueRequired":true,"valueName":"search_term_string"}}],"inLanguage":"fr-FR"}]}},"_links":{"self":[{"href":"https:\/\/syndicoop.fr\/evaluation\/wp-json\/wp\/v2\/pages\/9","targetHints":{"allow":["GET"]}}],"collection":[{"href":"https:\/\/syndicoop.fr\/evaluation\/wp-json\/wp\/v2\/pages"}],"about":[{"href":"https:\/\/syndicoop.fr\/evaluation\/wp-json\/wp\/v2\/types\/page"}],"author":[{"embeddable":true,"href":"https:\/\/syndicoop.fr\/evaluation\/wp-json\/wp\/v2\/users\/1"}],"replies":[{"embeddable":true,"href":"https:\/\/syndicoop.fr\/evaluation\/wp-json\/wp\/v2\/comments?post=9"}],"version-history":[{"count":0,"href":"https:\/\/syndicoop.fr\/evaluation\/wp-json\/wp\/v2\/pages\/9\/revisions"}],"up":[{"embeddable":true,"href":"https:\/\/syndicoop.fr\/evaluation\/wp-json\/wp\/v2\/pages\/6"}],"wp:featuredmedia":[{"embeddable":true,"href":"https:\/\/syndicoop.fr\/evaluation\/wp-json\/wp\/v2\/media\/181"}],"wp:attachment":[{"href":"https:\/\/syndicoop.fr\/evaluation\/wp-json\/wp\/v2\/media?parent=9"}],"curies":[{"name":"wp","href":"https:\/\/api.w.org\/{rel}","templated":true}]}}