{"id":22,"date":"2017-01-05T12:48:46","date_gmt":"2017-01-05T11:48:46","guid":{"rendered":"https:\/\/syndicoop.fr\/mutuelle\/?page_id=22"},"modified":"2017-02-11T15:21:34","modified_gmt":"2017-02-11T14:21:34","slug":"ajouter","status":"publish","type":"page","link":"https:\/\/syndicoop.fr\/mutuelle\/visiteur\/ajouter\/","title":{"rendered":"Ajouter un tract"},"content":{"rendered":"<h3 style=\"text-align: left;\"><strong>Envoyez votre tract via le formulaire ci-dessous et nous le publierons pour vous.<\/strong><\/h3>\n<h3 style=\"text-align: left;\">Si vous \u00eates membre de <a href=\"https:\/\/syndicoop.fr\/\" target=\"_blank\">syndicoop.fr<\/a>, connectez pour ajouter vous m\u00eame vos fichiers, enregistrer des tracts dans votre biblioth\u00e8que personnelle, et avoir acc\u00e8s aux tracts modifiables.<\/h3>\n<h3 style=\"text-align: right;\"><a href=\"https:\/\/syndicoop.fr\/inscription\/\" target=\"_blank\"><strong>Inscription &gt;&gt;&gt;<\/strong><\/a><\/h3>\n<h3 style=\"text-align: right;\"><a href=\"https:\/\/syndicoop.fr\/login\/\" target=\"_blank\"><strong>Connexion &gt;&gt;&gt;<\/strong><\/a><\/h3>\n<h2><\/h2>\n\n<div class=\"wpcf7 no-js\" id=\"wpcf7-f71-o1\" lang=\"fr-FR\" dir=\"ltr\" data-wpcf7-id=\"71\">\n<div class=\"screen-reader-response\"><p role=\"status\" aria-live=\"polite\" aria-atomic=\"true\"><\/p> <ul><\/ul><\/div>\n<form action=\"\/mutuelle\/wp-json\/wp\/v2\/pages\/22#wpcf7-f71-o1\" method=\"post\" class=\"wpcf7-form init\" aria-label=\"Formulaire de contact\" enctype=\"multipart\/form-data\" novalidate=\"novalidate\" data-status=\"init\">\n<div style=\"display: none;\">\n<input type=\"hidden\" name=\"_wpcf7\" value=\"71\" \/>\n<input type=\"hidden\" name=\"_wpcf7_version\" value=\"6.0.6\" \/>\n<input type=\"hidden\" name=\"_wpcf7_locale\" value=\"fr_FR\" \/>\n<input type=\"hidden\" name=\"_wpcf7_unit_tag\" value=\"wpcf7-f71-o1\" \/>\n<input type=\"hidden\" name=\"_wpcf7_container_post\" value=\"0\" \/>\n<input type=\"hidden\" name=\"_wpcf7_posted_data_hash\" value=\"\" \/>\n<\/div>\n<p><label> Votre nom<br \/>\n<span class=\"wpcf7-form-control-wrap\" data-name=\"your-name\"><input size=\"40\" maxlength=\"400\" class=\"wpcf7-form-control wpcf7-text wpcf7-validates-as-required\" aria-required=\"true\" aria-invalid=\"false\" value=\"\" type=\"text\" name=\"your-name\" \/><\/span> <\/label>\n<\/p>\n<p><label> Votre e-mail<br \/>\n<span class=\"wpcf7-form-control-wrap\" data-name=\"your-email\"><input size=\"40\" maxlength=\"400\" class=\"wpcf7-form-control wpcf7-email wpcf7-validates-as-required wpcf7-text wpcf7-validates-as-email\" aria-required=\"true\" aria-invalid=\"false\" value=\"\" type=\"email\" name=\"your-email\" \/><\/span> <\/label>\n<\/p>\n<p><label> Organisation \/ syndicat<br \/>\n<span class=\"wpcf7-form-control-wrap\" data-name=\"your-name\"><input size=\"40\" maxlength=\"400\" class=\"wpcf7-form-control wpcf7-text wpcf7-validates-as-required\" aria-required=\"true\" aria-invalid=\"false\" value=\"\" type=\"text\" name=\"your-name\" \/><\/span><\/label>\n<\/p>\n<p><label> Titre du tract<br \/>\n<span class=\"wpcf7-form-control-wrap\" data-name=\"your-titre\"><input size=\"40\" maxlength=\"400\" class=\"wpcf7-form-control wpcf7-text wpcf7-validates-as-required\" aria-required=\"true\" aria-invalid=\"false\" value=\"\" type=\"text\" name=\"your-titre\" \/><\/span> <\/label>\n<\/p>\n<p><label> Description du tract<br \/>\n<span class=\"wpcf7-form-control-wrap\" data-name=\"your-description\"><textarea cols=\"40\" rows=\"10\" maxlength=\"2000\" class=\"wpcf7-form-control wpcf7-textarea wpcf7-validates-as-required\" aria-required=\"true\" aria-invalid=\"false\" name=\"your-description\"><\/textarea><\/span> <\/label>\n<\/p>\n<p><label> Le fichier<br \/>\n<span class=\"wpcf7-form-control-wrap\" data-name=\"file-608\"><input size=\"40\" class=\"wpcf7-form-control wpcf7-file wpcf7-validates-as-required\" accept=\".pdf,.indd,.zip,.doc,.pub,.odt,.ppt\" aria-required=\"true\" aria-invalid=\"false\" type=\"file\" name=\"file-608\" \/><\/span> <\/label>\n<\/p>\n<p>[recaptcha]\n<\/p>\n<p><input class=\"wpcf7-form-control wpcf7-submit has-spinner\" type=\"submit\" value=\"Envoyer le tract\" \/>\n<\/p><p style=\"display: none !important;\" class=\"akismet-fields-container\" data-prefix=\"_wpcf7_ak_\"><label>&#916;<textarea name=\"_wpcf7_ak_hp_textarea\" cols=\"45\" rows=\"8\" maxlength=\"100\"><\/textarea><\/label><input type=\"hidden\" id=\"ak_js_1\" name=\"_wpcf7_ak_js\" value=\"143\"\/><script>document.getElementById( \"ak_js_1\" ).setAttribute( \"value\", ( new Date() ).getTime() );<\/script><\/p><div class=\"wpcf7-response-output\" aria-hidden=\"true\"><\/div>\n<\/form>\n<\/div>\n\n<h2><\/h2>\n<p>&nbsp;<\/p>\n<!-- The Settings of your sharrre implementation-->\n<script>\n\tjQuery(document).ready(function($) {\n\t\t$('#facebook-22').sharrre({\n\t\t  share: {\n\t\t    facebook: true\n\t\t  },\n\t\t  enableHover: false,\n\t\t  template: '<div class=\"box\"><a class=\"count\" href=\"#\">{total}<\/a><a class=\"share\" href=\"#\">Like<\/a><\/div>',\n\t\t  click: function(api, options){\n\t\t    api.simulateClick();\n\t\t    api.openPopup('facebook');\n\t\t  }\n\t\t});\n\t\t$('#twitter-22').sharrre({\n\t\t  share: {\n\t\t    twitter: true\n\t\t  },\n\t\t  enableHover: false,\n\t\t  template: '<div class=\"box\"><a class=\"count\" href=\"#\">{total}<\/a><a class=\"share\" href=\"#\">Tweet<\/a><\/div>',\n\t\t  enableTracking: true,\n\t\t  click: function(api, options){\n\t\t    api.simulateClick();\n\t\t    api.openPopup('twitter');\n\t\t  }\n\t\t});\n\t$('#linkedin-22').sharrre({\n\t\t  share: {\n\t\t    linkedin: true\n\t\t  },\n\t\t  enableHover: false,\n\t\t  template: '<div class=\"box\"><a class=\"count\" href=\"#\">{total}<\/a><a class=\"share\" href=\"#\">Share<\/a><\/div>',\n\t\t  enableTracking: true,\n\t\t  click: function(api, options){\n\t\t    api.simulateClick();\n\t\t    api.openPopup('linkedin');\n\t\t  }\n\t\t});\n\t});\n<\/script>","protected":false},"excerpt":{"rendered":"<p>Envoyez votre tract via le formulaire ci-dessous et nous le publierons pour vous. Si vous \u00eates membre de syndicoop.fr, connectez pour ajouter vous m\u00eame vos fichiers, enregistrer des tracts dans votre biblioth\u00e8que personnelle, et avoir acc\u00e8s aux tracts modifiables. Inscription &gt;&gt;&gt; Connexion &gt;&gt;&gt; &nbsp;<\/p>\n","protected":false},"author":1,"featured_media":0,"parent":17,"menu_order":0,"comment_status":"closed","ping_status":"closed","template":"","meta":{"_acf_changed":false,"footnotes":""},"class_list":["post-22","page","type-page","status-publish","hentry"],"acf":[],"_links":{"self":[{"href":"https:\/\/syndicoop.fr\/mutuelle\/wp-json\/wp\/v2\/pages\/22","targetHints":{"allow":["GET"]}}],"collection":[{"href":"https:\/\/syndicoop.fr\/mutuelle\/wp-json\/wp\/v2\/pages"}],"about":[{"href":"https:\/\/syndicoop.fr\/mutuelle\/wp-json\/wp\/v2\/types\/page"}],"author":[{"embeddable":true,"href":"https:\/\/syndicoop.fr\/mutuelle\/wp-json\/wp\/v2\/users\/1"}],"replies":[{"embeddable":true,"href":"https:\/\/syndicoop.fr\/mutuelle\/wp-json\/wp\/v2\/comments?post=22"}],"version-history":[{"count":0,"href":"https:\/\/syndicoop.fr\/mutuelle\/wp-json\/wp\/v2\/pages\/22\/revisions"}],"up":[{"embeddable":true,"href":"https:\/\/syndicoop.fr\/mutuelle\/wp-json\/wp\/v2\/pages\/17"}],"wp:attachment":[{"href":"https:\/\/syndicoop.fr\/mutuelle\/wp-json\/wp\/v2\/media?parent=22"}],"curies":[{"name":"wp","href":"https:\/\/api.w.org\/{rel}","templated":true}]}}