{"id":65,"date":"2012-10-24T10:45:40","date_gmt":"2012-10-24T08:45:40","guid":{"rendered":"http:\/\/ofict.reference-syndicale.fr\/?page_id=65"},"modified":"2021-02-23T15:43:37","modified_gmt":"2021-02-23T14:43:37","slug":"un-outil-specifique-de-deploiement-de-la-cgt-parmi-les-categories-a-et-b","status":"publish","type":"page","link":"https:\/\/syndicoop.fr\/ofict\/un-outil-specifique-de-deploiement-de-la-cgt-parmi-les-categories-a-et-b\/","title":{"rendered":"Un outil sp\u00e9cifique de d\u00e9ploiement de la CGT parmi les cat\u00e9gories A et B&#8230;"},"content":{"rendered":"<p>L\u2019Organisation F\u00e9d\u00e9rale des Ing\u00e9nieurs, Cadres et Techniciens de l\u2019Equipement et de l\u2019Environnement (OFICT-CGT) est l\u2019outil sp\u00e9cifique de la F\u00e9d\u00e9ration pour d\u00e9velopper l&rsquo; activit\u00e9 revendicative, l&rsquo;audience et les forces organis\u00e9es parmi ces cat\u00e9gories. Elle vise dans le m\u00eame temps de permettre \u00e0 ces derni\u00e8res de d\u00e9battre et de construire les revendications et de d\u00e9finir les moyens de les faire aboutir. Elle a vocation \u00e0 regrouper l\u2019ensemble des syndiqu\u00e9s et organisations ICT de la F\u00e9d\u00e9ration\u00a0: cat\u00e9gories A et B et assimil\u00e9s. Elle adh\u00e8re \u00e0 l\u2019Union G\u00e9n\u00e9rale des Ing\u00e9nieurs Cadres et Techniciens de la CGT (UGICT-CGT) qui d\u00e9finit et met en \u0153uvre l\u2019action de la CGT parmi les ing\u00e9nieurs, cadres, techniciens et agents de ma\u00eetrise (<a href=\"http:\/\/www.ugict.cgt.fr\/nvsite\/site\/index.php?rubrique=8-0#\" rel=\"external\">www.ugict.cgt.fr<\/a>).<\/p>\n<div>\n<p>Le besoin d\u2019une activit\u00e9 sp\u00e9cifique parmi les ICT est d\u2019abord fond\u00e9 sur la place de ces cat\u00e9gories dans l\u2019\u00e9laboration et la mise en \u0153uvre des politiques minist\u00e9rielles ainsi que dans les rapports hi\u00e9rarchiques et les contradictions qu\u2019ils engendrent. L\u2019\u00e9l\u00e9vation g\u00e9n\u00e9rale des qualifications, le besoin de reconnaissance de celles-ci dans le recrutement et le d\u00e9roulement de carri\u00e8re, la p\u00e9nibilit\u00e9 de concilier vie professionnelle et vie personnelle, l\u2019\u00e9galit\u00e9 professionnelle femmes\/hommes, la mobilit\u00e9 voulue, la responsabilit\u00e9 sociale des cadres dans l\u2019exercice des missions sont autant de questions que l\u2019OFICT entend travailler.<\/p>\n<p>L\u2019OFICT tient ses congr\u00e8s tous les 3 ans, au cours desquels est renouvel\u00e9e une commission ex\u00e9cutive, repr\u00e9sentative des diversit\u00e9s professionnelles et statutaires et faisant une bonne place aux jeunes et aux femmes. Elle se r\u00e9unit 4 \u00e0 5 fois par an. Un secr\u00e9tariat assure son animation permanente.<\/p>\n<p>Pour tout contact\u00a0:<\/p>\n<ul>\n<li>T\u00e9l.\u00a001 55 82 88 72<\/li>\n<li>Mail\u00a0: ofict.equipement@cgt.fr<\/li>\n<\/ul>\n<\/div>\n","protected":false},"excerpt":{"rendered":"<p>L\u2019Organisation F\u00e9d\u00e9rale des Ing\u00e9nieurs, Cadres et Techniciens de l\u2019Equipement et de l\u2019Environnement (OFICT-CGT) est l\u2019outil sp\u00e9cifique de la F\u00e9d\u00e9ration pour d\u00e9velopper l&rsquo; activit\u00e9 revendicative, l&rsquo;audience et les forces organis\u00e9es parmi ces cat\u00e9gories. Elle vise dans le m\u00eame temps de permettre \u00e0 ces derni\u00e8res de d\u00e9battre et de construire les revendications et de d\u00e9finir les moyens [&hellip;]<\/p>\n","protected":false},"author":351,"featured_media":0,"parent":0,"menu_order":0,"comment_status":"open","ping_status":"closed","template":"","meta":{"_acf_changed":false,"footnotes":""},"class_list":["post-65","page","type-page","status-publish","hentry"],"acf":[],"yoast_head":"<!-- This site is optimized with the Yoast SEO plugin v26.3 - https:\/\/yoast.com\/wordpress\/plugins\/seo\/ -->\n<title>Un outil sp\u00e9cifique de d\u00e9ploiement de la CGT parmi les cat\u00e9gories A et B... - OFICT-CGT Equipement-Environnement<\/title>\n<meta name=\"description\" content=\"L\u2019Organisation F\u00e9d\u00e9rale des Ing\u00e9nieurs, Cadres et Techniciens de l\u2019Equipement et de l\u2019Environnement (OFICT-CGT) est l\u2019outil sp\u00e9cifique de la F\u00e9d\u00e9ration pour d\u00e9velopper l&#039; activit\u00e9 revendicative, l&#039;audience et les forces organis\u00e9es parmi ces cat\u00e9gories.\" \/>\n<meta name=\"robots\" content=\"index, follow, max-snippet:-1, max-image-preview:large, max-video-preview:-1\" \/>\n<link rel=\"canonical\" href=\"https:\/\/syndicoop.fr\/ofict\/un-outil-specifique-de-deploiement-de-la-cgt-parmi-les-categories-a-et-b\/\" \/>\n<meta property=\"og:locale\" content=\"fr_FR\" \/>\n<meta property=\"og:type\" content=\"article\" \/>\n<meta property=\"og:title\" content=\"Un outil sp\u00e9cifique de d\u00e9ploiement de la CGT parmi les cat\u00e9gories A et B... - OFICT-CGT Equipement-Environnement\" \/>\n<meta property=\"og:description\" content=\"L\u2019Organisation F\u00e9d\u00e9rale des Ing\u00e9nieurs, Cadres et Techniciens de l\u2019Equipement et de l\u2019Environnement (OFICT-CGT) est l\u2019outil sp\u00e9cifique de la F\u00e9d\u00e9ration pour d\u00e9velopper l&#039; activit\u00e9 revendicative, l&#039;audience et les forces organis\u00e9es parmi ces cat\u00e9gories.\" \/>\n<meta property=\"og:url\" content=\"https:\/\/syndicoop.fr\/ofict\/un-outil-specifique-de-deploiement-de-la-cgt-parmi-les-categories-a-et-b\/\" \/>\n<meta property=\"og:site_name\" content=\"OFICT-CGT Equipement-Environnement\" \/>\n<meta property=\"article:publisher\" content=\"https:\/\/www.facebook.com\/ofictcgt\" \/>\n<meta property=\"article:modified_time\" content=\"2021-02-23T14:43:37+00:00\" \/>\n<meta name=\"twitter:card\" content=\"summary_large_image\" \/>\n<meta name=\"twitter:site\" content=\"@ofictcgt\" \/>\n<meta name=\"twitter:label1\" content=\"Dur\u00e9e de lecture estim\u00e9e\" \/>\n\t<meta name=\"twitter:data1\" content=\"2 minutes\" \/>\n<script type=\"application\/ld+json\" class=\"yoast-schema-graph\">{\"@context\":\"https:\/\/schema.org\",\"@graph\":[{\"@type\":\"WebPage\",\"@id\":\"https:\/\/syndicoop.fr\/ofict\/un-outil-specifique-de-deploiement-de-la-cgt-parmi-les-categories-a-et-b\/\",\"url\":\"https:\/\/syndicoop.fr\/ofict\/un-outil-specifique-de-deploiement-de-la-cgt-parmi-les-categories-a-et-b\/\",\"name\":\"Un outil sp\u00e9cifique de d\u00e9ploiement de la CGT parmi les cat\u00e9gories A et B... - OFICT-CGT Equipement-Environnement\",\"isPartOf\":{\"@id\":\"https:\/\/syndicoop.fr\/ofict\/#website\"},\"datePublished\":\"2012-10-24T08:45:40+00:00\",\"dateModified\":\"2021-02-23T14:43:37+00:00\",\"description\":\"L\u2019Organisation F\u00e9d\u00e9rale des Ing\u00e9nieurs, Cadres et Techniciens de l\u2019Equipement et de l\u2019Environnement (OFICT-CGT) est l\u2019outil sp\u00e9cifique de la F\u00e9d\u00e9ration pour d\u00e9velopper l' activit\u00e9 revendicative, l'audience et les forces organis\u00e9es parmi ces cat\u00e9gories.\",\"breadcrumb\":{\"@id\":\"https:\/\/syndicoop.fr\/ofict\/un-outil-specifique-de-deploiement-de-la-cgt-parmi-les-categories-a-et-b\/#breadcrumb\"},\"inLanguage\":\"fr-FR\",\"potentialAction\":[{\"@type\":\"ReadAction\",\"target\":[\"https:\/\/syndicoop.fr\/ofict\/un-outil-specifique-de-deploiement-de-la-cgt-parmi-les-categories-a-et-b\/\"]}]},{\"@type\":\"BreadcrumbList\",\"@id\":\"https:\/\/syndicoop.fr\/ofict\/un-outil-specifique-de-deploiement-de-la-cgt-parmi-les-categories-a-et-b\/#breadcrumb\",\"itemListElement\":[{\"@type\":\"ListItem\",\"position\":1,\"name\":\"Accueil\",\"item\":\"https:\/\/syndicoop.fr\/ofict\/\"},{\"@type\":\"ListItem\",\"position\":2,\"name\":\"Un outil sp\u00e9cifique de d\u00e9ploiement de la CGT parmi les cat\u00e9gories A et B&#8230;\"}]},{\"@type\":\"WebSite\",\"@id\":\"https:\/\/syndicoop.fr\/ofict\/#website\",\"url\":\"https:\/\/syndicoop.fr\/ofict\/\",\"name\":\"OFICT-CGT Equipement-Environnement\",\"description\":\"avec Syndicoop.fr, plateforme syndicale et coop\u00e9rative\",\"publisher\":{\"@id\":\"https:\/\/syndicoop.fr\/ofict\/#organization\"},\"potentialAction\":[{\"@type\":\"SearchAction\",\"target\":{\"@type\":\"EntryPoint\",\"urlTemplate\":\"https:\/\/syndicoop.fr\/ofict\/?s={search_term_string}\"},\"query-input\":{\"@type\":\"PropertyValueSpecification\",\"valueRequired\":true,\"valueName\":\"search_term_string\"}}],\"inLanguage\":\"fr-FR\"},{\"@type\":\"Organization\",\"@id\":\"https:\/\/syndicoop.fr\/ofict\/#organization\",\"name\":\"ofict-cgt\",\"url\":\"https:\/\/syndicoop.fr\/ofict\/\",\"logo\":{\"@type\":\"ImageObject\",\"inLanguage\":\"fr-FR\",\"@id\":\"https:\/\/syndicoop.fr\/ofict\/#\/schema\/logo\/image\/\",\"url\":\"https:\/\/syndicoop.fr\/ofict\/wp-content\/uploads\/sites\/21\/2021\/01\/0-Logo-OFICT-couleur-ombre-grand.png\",\"contentUrl\":\"https:\/\/syndicoop.fr\/ofict\/wp-content\/uploads\/sites\/21\/2021\/01\/0-Logo-OFICT-couleur-ombre-grand.png\",\"width\":853,\"height\":626,\"caption\":\"ofict-cgt\"},\"image\":{\"@id\":\"https:\/\/syndicoop.fr\/ofict\/#\/schema\/logo\/image\/\"},\"sameAs\":[\"https:\/\/www.facebook.com\/ofictcgt\",\"https:\/\/x.com\/ofictcgt\",\"https:\/\/www.youtube.com\/channel\/UCuspFuV1HGEF1weXxpWVKtQ\"]}]}<\/script>\n<!-- \/ Yoast SEO plugin. -->","yoast_head_json":{"title":"Un outil sp\u00e9cifique de d\u00e9ploiement de la CGT parmi les cat\u00e9gories A et B... - OFICT-CGT Equipement-Environnement","description":"L\u2019Organisation F\u00e9d\u00e9rale des Ing\u00e9nieurs, Cadres et Techniciens de l\u2019Equipement et de l\u2019Environnement (OFICT-CGT) est l\u2019outil sp\u00e9cifique de la F\u00e9d\u00e9ration pour d\u00e9velopper l' activit\u00e9 revendicative, l'audience et les forces organis\u00e9es parmi ces cat\u00e9gories.","robots":{"index":"index","follow":"follow","max-snippet":"max-snippet:-1","max-image-preview":"max-image-preview:large","max-video-preview":"max-video-preview:-1"},"canonical":"https:\/\/syndicoop.fr\/ofict\/un-outil-specifique-de-deploiement-de-la-cgt-parmi-les-categories-a-et-b\/","og_locale":"fr_FR","og_type":"article","og_title":"Un outil sp\u00e9cifique de d\u00e9ploiement de la CGT parmi les cat\u00e9gories A et B... - OFICT-CGT Equipement-Environnement","og_description":"L\u2019Organisation F\u00e9d\u00e9rale des Ing\u00e9nieurs, Cadres et Techniciens de l\u2019Equipement et de l\u2019Environnement (OFICT-CGT) est l\u2019outil sp\u00e9cifique de la F\u00e9d\u00e9ration pour d\u00e9velopper l' activit\u00e9 revendicative, l'audience et les forces organis\u00e9es parmi ces cat\u00e9gories.","og_url":"https:\/\/syndicoop.fr\/ofict\/un-outil-specifique-de-deploiement-de-la-cgt-parmi-les-categories-a-et-b\/","og_site_name":"OFICT-CGT Equipement-Environnement","article_publisher":"https:\/\/www.facebook.com\/ofictcgt","article_modified_time":"2021-02-23T14:43:37+00:00","twitter_card":"summary_large_image","twitter_site":"@ofictcgt","twitter_misc":{"Dur\u00e9e de lecture estim\u00e9e":"2 minutes"},"schema":{"@context":"https:\/\/schema.org","@graph":[{"@type":"WebPage","@id":"https:\/\/syndicoop.fr\/ofict\/un-outil-specifique-de-deploiement-de-la-cgt-parmi-les-categories-a-et-b\/","url":"https:\/\/syndicoop.fr\/ofict\/un-outil-specifique-de-deploiement-de-la-cgt-parmi-les-categories-a-et-b\/","name":"Un outil sp\u00e9cifique de d\u00e9ploiement de la CGT parmi les cat\u00e9gories A et B... - OFICT-CGT Equipement-Environnement","isPartOf":{"@id":"https:\/\/syndicoop.fr\/ofict\/#website"},"datePublished":"2012-10-24T08:45:40+00:00","dateModified":"2021-02-23T14:43:37+00:00","description":"L\u2019Organisation F\u00e9d\u00e9rale des Ing\u00e9nieurs, Cadres et Techniciens de l\u2019Equipement et de l\u2019Environnement (OFICT-CGT) est l\u2019outil sp\u00e9cifique de la F\u00e9d\u00e9ration pour d\u00e9velopper l' activit\u00e9 revendicative, l'audience et les forces organis\u00e9es parmi ces cat\u00e9gories.","breadcrumb":{"@id":"https:\/\/syndicoop.fr\/ofict\/un-outil-specifique-de-deploiement-de-la-cgt-parmi-les-categories-a-et-b\/#breadcrumb"},"inLanguage":"fr-FR","potentialAction":[{"@type":"ReadAction","target":["https:\/\/syndicoop.fr\/ofict\/un-outil-specifique-de-deploiement-de-la-cgt-parmi-les-categories-a-et-b\/"]}]},{"@type":"BreadcrumbList","@id":"https:\/\/syndicoop.fr\/ofict\/un-outil-specifique-de-deploiement-de-la-cgt-parmi-les-categories-a-et-b\/#breadcrumb","itemListElement":[{"@type":"ListItem","position":1,"name":"Accueil","item":"https:\/\/syndicoop.fr\/ofict\/"},{"@type":"ListItem","position":2,"name":"Un outil sp\u00e9cifique de d\u00e9ploiement de la CGT parmi les cat\u00e9gories A et B&#8230;"}]},{"@type":"WebSite","@id":"https:\/\/syndicoop.fr\/ofict\/#website","url":"https:\/\/syndicoop.fr\/ofict\/","name":"OFICT-CGT Equipement-Environnement","description":"avec Syndicoop.fr, plateforme syndicale et coop\u00e9rative","publisher":{"@id":"https:\/\/syndicoop.fr\/ofict\/#organization"},"potentialAction":[{"@type":"SearchAction","target":{"@type":"EntryPoint","urlTemplate":"https:\/\/syndicoop.fr\/ofict\/?s={search_term_string}"},"query-input":{"@type":"PropertyValueSpecification","valueRequired":true,"valueName":"search_term_string"}}],"inLanguage":"fr-FR"},{"@type":"Organization","@id":"https:\/\/syndicoop.fr\/ofict\/#organization","name":"ofict-cgt","url":"https:\/\/syndicoop.fr\/ofict\/","logo":{"@type":"ImageObject","inLanguage":"fr-FR","@id":"https:\/\/syndicoop.fr\/ofict\/#\/schema\/logo\/image\/","url":"https:\/\/syndicoop.fr\/ofict\/wp-content\/uploads\/sites\/21\/2021\/01\/0-Logo-OFICT-couleur-ombre-grand.png","contentUrl":"https:\/\/syndicoop.fr\/ofict\/wp-content\/uploads\/sites\/21\/2021\/01\/0-Logo-OFICT-couleur-ombre-grand.png","width":853,"height":626,"caption":"ofict-cgt"},"image":{"@id":"https:\/\/syndicoop.fr\/ofict\/#\/schema\/logo\/image\/"},"sameAs":["https:\/\/www.facebook.com\/ofictcgt","https:\/\/x.com\/ofictcgt","https:\/\/www.youtube.com\/channel\/UCuspFuV1HGEF1weXxpWVKtQ"]}]}},"_links":{"self":[{"href":"https:\/\/syndicoop.fr\/ofict\/wp-json\/wp\/v2\/pages\/65","targetHints":{"allow":["GET"]}}],"collection":[{"href":"https:\/\/syndicoop.fr\/ofict\/wp-json\/wp\/v2\/pages"}],"about":[{"href":"https:\/\/syndicoop.fr\/ofict\/wp-json\/wp\/v2\/types\/page"}],"author":[{"embeddable":true,"href":"https:\/\/syndicoop.fr\/ofict\/wp-json\/wp\/v2\/users\/351"}],"replies":[{"embeddable":true,"href":"https:\/\/syndicoop.fr\/ofict\/wp-json\/wp\/v2\/comments?post=65"}],"version-history":[{"count":0,"href":"https:\/\/syndicoop.fr\/ofict\/wp-json\/wp\/v2\/pages\/65\/revisions"}],"wp:attachment":[{"href":"https:\/\/syndicoop.fr\/ofict\/wp-json\/wp\/v2\/media?parent=65"}],"curies":[{"name":"wp","href":"https:\/\/api.w.org\/{rel}","templated":true}]}}