{"id":2152,"date":"2023-06-15T08:27:34","date_gmt":"2023-06-15T06:27:34","guid":{"rendered":"https:\/\/syndicoop.fr\/ufictsp\/?page_id=2152"},"modified":"2023-10-11T08:55:48","modified_gmt":"2023-10-11T06:55:48","slug":"collectifs","status":"publish","type":"page","link":"https:\/\/syndicoop.fr\/ufictsp\/collectifs\/","title":{"rendered":"Collectifs"},"content":{"rendered":"<header class=\"g-mb-30\">\n<h2 class=\"h1 g-color-primary g-font-weight-600 g-mb-15\">Pr\u00e9sentation du collectif Psychologues territoriales-aux<\/h2>\n<\/header>\n<div class=\"g-font-size-16 g-line-height-1_8 g-mb-30\">\n<p>Le collectif UFICT des psychologues territoriales-aux existe depuis 2020. Il est actuellement compos\u00e9 de coll\u00e8gues exer\u00e7ant dans diff\u00e9rents champs d\u2019activit\u00e9s (cr\u00e8ches, protection de l\u2019enfance, insertion, service RH&#8230;) des collectivit\u00e9s locales et diff\u00e9rents lieux g\u00e9ographiques, ce qui fait sa richesse.<\/p>\n<p>Cadre territorial\u00b7e de cat\u00e9gorie A, le\u00b7la psychologue territorial\u00b7e est souvent en premi\u00e8re ligne dans l\u2019acc\u00e8s \u00e0 une prise en compte singuli\u00e8re de la souffrance psychique de la personne\u00a0: il\u00b7elle propose un espace d\u2019accueil, d\u2019\u00e9coute, de soutien psychologique.<\/p>\n<ul class=\"spip\">\n<li>Il\u00b7elle participe \u00e0 la d\u00e9termination, \u00e0 l\u2019indication et \u00e0 la r\u00e9alisation d\u2019actions pr\u00e9ventives\u00a0;<\/li>\n<li>Il\u00b7elle doit \u00eatre associ\u00e9\u00b7e au projet d\u2019\u00e9tablissement ou de service, conform\u00e9ment \u00e0 son statut (d\u00e9cret 92 \u2013 853 du 28 ao\u00fbt 1992) dans l\u2019int\u00e9r\u00eat des personnes et le respect du Code de d\u00e9ontologie\u00a0;<\/li>\n<li>Il\u00b7elle doit pouvoir b\u00e9n\u00e9ficier des m\u00eames conditions de travail que ses coll\u00e8gues hospitali\u00e8res\u00b7ers\u00a0: que le Temps FIR par exemple soit effectif dans toutes les collectivit\u00e9s territoriales.<\/li>\n<\/ul>\n<p><strong>Le collectif UFICT a pour objectif <\/strong> de d\u00e9fendre les int\u00e9r\u00eats, les revendications et la sp\u00e9cificit\u00e9 des psychologues territoriales-aux qui exercent dans ces divers domaines\u00a0: pr\u00e9vention, protection, insertion, handicap.<br class=\"autobr\" \/><strong>Le collectif UFICT organise<\/strong> r\u00e9guli\u00e8rement des r\u00e9unions en pr\u00e9sentiel et en distanciel afin de partager nos difficult\u00e9s et exp\u00e9riences et construire ensemble nos revendications.<\/p>\n<p><strong>Le collectif UFICT est co-anim\u00e9 par\u00a0: <\/strong><\/p>\n<ul class=\"spip\">\n<li>Corinne Bouzat, psychologue territoriale (insertion) au Conseil D\u00e9partemental des Pyr\u00e9n\u00e9es Orientales (66)<\/li>\n<li>V\u00e9ronique Trebourg, psychologue territoriale au Conseil D\u00e9partemental de Seine-Saint-Denis (93)<\/li>\n<\/ul>\n<p>Si vous souhaitez des informations nationales statutaires, \u00e9changer sur vos conditions de travail avec des coll\u00e8gues d\u2019autres d\u00e9partements, porter vos revendications, rejoignez-nous\u00a0!<\/p>\n<p>Lien vers site UFICT\u00a0: <a class=\"spip_out\" href=\"https:\/\/syndicoop.fr\/ufictsp\/\" rel=\"external\">https:\/\/syndicoop.fr\/ufictsp\/<\/a><br class=\"autobr\" \/>Contact\u00a0: Corinne Bouzat\u00a0: <a class=\"spip_mail\" href=\"mailto:ufict@fdsp.cgt.fr\">ufict@fdsp.cgt.fr<\/a><\/p>\n<\/div>\n","protected":false},"excerpt":{"rendered":"<p>Pr\u00e9sentation du collectif Psychologues territoriales-aux Le collectif UFICT des psychologues territoriales-aux existe depuis 2020. Il est actuellement compos\u00e9 de coll\u00e8gues exer\u00e7ant dans diff\u00e9rents champs d\u2019activit\u00e9s (cr\u00e8ches, protection de l\u2019enfance, insertion, service RH&#8230;) des collectivit\u00e9s locales et diff\u00e9rents lieux g\u00e9ographiques, ce qui fait sa richesse. Cadre territorial\u00b7e de cat\u00e9gorie A, le\u00b7la psychologue territorial\u00b7e est souvent en [&hellip;]<\/p>\n","protected":false},"author":403,"featured_media":0,"parent":0,"menu_order":0,"comment_status":"closed","ping_status":"closed","template":"","meta":{"_acf_changed":false,"footnotes":""},"class_list":["post-2152","page","type-page","status-publish","hentry"],"acf":[],"yoast_head":"<!-- This site is optimized with the Yoast SEO plugin v26.3 - https:\/\/yoast.com\/wordpress\/plugins\/seo\/ -->\n<title>Collectifs - UFICT des services publics<\/title>\n<meta name=\"robots\" content=\"index, follow, max-snippet:-1, max-image-preview:large, max-video-preview:-1\" \/>\n<link rel=\"canonical\" href=\"https:\/\/syndicoop.fr\/ufictsp\/collectifs\/\" \/>\n<meta property=\"og:locale\" content=\"fr_FR\" \/>\n<meta property=\"og:type\" content=\"article\" \/>\n<meta property=\"og:title\" content=\"Collectifs - UFICT des services publics\" \/>\n<meta property=\"og:description\" content=\"Pr\u00e9sentation du collectif Psychologues territoriales-aux Le collectif UFICT des psychologues territoriales-aux existe depuis 2020. Il est actuellement compos\u00e9 de coll\u00e8gues exer\u00e7ant dans diff\u00e9rents champs d\u2019activit\u00e9s (cr\u00e8ches, protection de l\u2019enfance, insertion, service RH&#8230;) des collectivit\u00e9s locales et diff\u00e9rents lieux g\u00e9ographiques, ce qui fait sa richesse. Cadre territorial\u00b7e de cat\u00e9gorie A, le\u00b7la psychologue territorial\u00b7e est souvent en [&hellip;]\" \/>\n<meta property=\"og:url\" content=\"https:\/\/syndicoop.fr\/ufictsp\/collectifs\/\" \/>\n<meta property=\"og:site_name\" content=\"UFICT des services publics\" \/>\n<meta property=\"article:modified_time\" content=\"2023-10-11T06:55:48+00:00\" \/>\n<meta name=\"twitter:card\" content=\"summary_large_image\" \/>\n<meta name=\"twitter:label1\" content=\"Dur\u00e9e de lecture estim\u00e9e\" \/>\n\t<meta name=\"twitter:data1\" content=\"2 minutes\" \/>\n<script type=\"application\/ld+json\" class=\"yoast-schema-graph\">{\"@context\":\"https:\/\/schema.org\",\"@graph\":[{\"@type\":\"WebPage\",\"@id\":\"https:\/\/syndicoop.fr\/ufictsp\/collectifs\/\",\"url\":\"https:\/\/syndicoop.fr\/ufictsp\/collectifs\/\",\"name\":\"Collectifs - UFICT des services publics\",\"isPartOf\":{\"@id\":\"https:\/\/syndicoop.fr\/ufictsp\/#website\"},\"datePublished\":\"2023-06-15T06:27:34+00:00\",\"dateModified\":\"2023-10-11T06:55:48+00:00\",\"breadcrumb\":{\"@id\":\"https:\/\/syndicoop.fr\/ufictsp\/collectifs\/#breadcrumb\"},\"inLanguage\":\"fr-FR\",\"potentialAction\":[{\"@type\":\"ReadAction\",\"target\":[\"https:\/\/syndicoop.fr\/ufictsp\/collectifs\/\"]}]},{\"@type\":\"BreadcrumbList\",\"@id\":\"https:\/\/syndicoop.fr\/ufictsp\/collectifs\/#breadcrumb\",\"itemListElement\":[{\"@type\":\"ListItem\",\"position\":1,\"name\":\"Accueil\",\"item\":\"https:\/\/syndicoop.fr\/ufictsp\/\"},{\"@type\":\"ListItem\",\"position\":2,\"name\":\"Collectifs\"}]},{\"@type\":\"WebSite\",\"@id\":\"https:\/\/syndicoop.fr\/ufictsp\/#website\",\"url\":\"https:\/\/syndicoop.fr\/ufictsp\/\",\"name\":\"UFICT CGT des services publics\",\"description\":\"Avec Syndicoop - la plateforme syndicale et coop\u00e9rative\",\"publisher\":{\"@id\":\"https:\/\/syndicoop.fr\/ufictsp\/#organization\"},\"potentialAction\":[{\"@type\":\"SearchAction\",\"target\":{\"@type\":\"EntryPoint\",\"urlTemplate\":\"https:\/\/syndicoop.fr\/ufictsp\/?s={search_term_string}\"},\"query-input\":{\"@type\":\"PropertyValueSpecification\",\"valueRequired\":true,\"valueName\":\"search_term_string\"}}],\"inLanguage\":\"fr-FR\"},{\"@type\":\"Organization\",\"@id\":\"https:\/\/syndicoop.fr\/ufictsp\/#organization\",\"name\":\"UFICT CGT des Services publics\",\"url\":\"https:\/\/syndicoop.fr\/ufictsp\/\",\"logo\":{\"@type\":\"ImageObject\",\"inLanguage\":\"fr-FR\",\"@id\":\"https:\/\/syndicoop.fr\/ufictsp\/#\/schema\/logo\/image\/\",\"url\":\"https:\/\/syndicoop.fr\/ufictsp\/wp-content\/uploads\/sites\/35\/2019\/12\/Logoufictnational.png\",\"contentUrl\":\"https:\/\/syndicoop.fr\/ufictsp\/wp-content\/uploads\/sites\/35\/2019\/12\/Logoufictnational.png\",\"width\":684,\"height\":464,\"caption\":\"UFICT CGT des Services publics\"},\"image\":{\"@id\":\"https:\/\/syndicoop.fr\/ufictsp\/#\/schema\/logo\/image\/\"}}]}<\/script>\n<!-- \/ Yoast SEO plugin. -->","yoast_head_json":{"title":"Collectifs - UFICT des services publics","robots":{"index":"index","follow":"follow","max-snippet":"max-snippet:-1","max-image-preview":"max-image-preview:large","max-video-preview":"max-video-preview:-1"},"canonical":"https:\/\/syndicoop.fr\/ufictsp\/collectifs\/","og_locale":"fr_FR","og_type":"article","og_title":"Collectifs - UFICT des services publics","og_description":"Pr\u00e9sentation du collectif Psychologues territoriales-aux Le collectif UFICT des psychologues territoriales-aux existe depuis 2020. Il est actuellement compos\u00e9 de coll\u00e8gues exer\u00e7ant dans diff\u00e9rents champs d\u2019activit\u00e9s (cr\u00e8ches, protection de l\u2019enfance, insertion, service RH&#8230;) des collectivit\u00e9s locales et diff\u00e9rents lieux g\u00e9ographiques, ce qui fait sa richesse. Cadre territorial\u00b7e de cat\u00e9gorie A, le\u00b7la psychologue territorial\u00b7e est souvent en [&hellip;]","og_url":"https:\/\/syndicoop.fr\/ufictsp\/collectifs\/","og_site_name":"UFICT des services publics","article_modified_time":"2023-10-11T06:55:48+00:00","twitter_card":"summary_large_image","twitter_misc":{"Dur\u00e9e de lecture estim\u00e9e":"2 minutes"},"schema":{"@context":"https:\/\/schema.org","@graph":[{"@type":"WebPage","@id":"https:\/\/syndicoop.fr\/ufictsp\/collectifs\/","url":"https:\/\/syndicoop.fr\/ufictsp\/collectifs\/","name":"Collectifs - UFICT des services publics","isPartOf":{"@id":"https:\/\/syndicoop.fr\/ufictsp\/#website"},"datePublished":"2023-06-15T06:27:34+00:00","dateModified":"2023-10-11T06:55:48+00:00","breadcrumb":{"@id":"https:\/\/syndicoop.fr\/ufictsp\/collectifs\/#breadcrumb"},"inLanguage":"fr-FR","potentialAction":[{"@type":"ReadAction","target":["https:\/\/syndicoop.fr\/ufictsp\/collectifs\/"]}]},{"@type":"BreadcrumbList","@id":"https:\/\/syndicoop.fr\/ufictsp\/collectifs\/#breadcrumb","itemListElement":[{"@type":"ListItem","position":1,"name":"Accueil","item":"https:\/\/syndicoop.fr\/ufictsp\/"},{"@type":"ListItem","position":2,"name":"Collectifs"}]},{"@type":"WebSite","@id":"https:\/\/syndicoop.fr\/ufictsp\/#website","url":"https:\/\/syndicoop.fr\/ufictsp\/","name":"UFICT CGT des services publics","description":"Avec Syndicoop - la plateforme syndicale et coop\u00e9rative","publisher":{"@id":"https:\/\/syndicoop.fr\/ufictsp\/#organization"},"potentialAction":[{"@type":"SearchAction","target":{"@type":"EntryPoint","urlTemplate":"https:\/\/syndicoop.fr\/ufictsp\/?s={search_term_string}"},"query-input":{"@type":"PropertyValueSpecification","valueRequired":true,"valueName":"search_term_string"}}],"inLanguage":"fr-FR"},{"@type":"Organization","@id":"https:\/\/syndicoop.fr\/ufictsp\/#organization","name":"UFICT CGT des Services publics","url":"https:\/\/syndicoop.fr\/ufictsp\/","logo":{"@type":"ImageObject","inLanguage":"fr-FR","@id":"https:\/\/syndicoop.fr\/ufictsp\/#\/schema\/logo\/image\/","url":"https:\/\/syndicoop.fr\/ufictsp\/wp-content\/uploads\/sites\/35\/2019\/12\/Logoufictnational.png","contentUrl":"https:\/\/syndicoop.fr\/ufictsp\/wp-content\/uploads\/sites\/35\/2019\/12\/Logoufictnational.png","width":684,"height":464,"caption":"UFICT CGT des Services publics"},"image":{"@id":"https:\/\/syndicoop.fr\/ufictsp\/#\/schema\/logo\/image\/"}}]}},"_links":{"self":[{"href":"https:\/\/syndicoop.fr\/ufictsp\/wp-json\/wp\/v2\/pages\/2152","targetHints":{"allow":["GET"]}}],"collection":[{"href":"https:\/\/syndicoop.fr\/ufictsp\/wp-json\/wp\/v2\/pages"}],"about":[{"href":"https:\/\/syndicoop.fr\/ufictsp\/wp-json\/wp\/v2\/types\/page"}],"author":[{"embeddable":true,"href":"https:\/\/syndicoop.fr\/ufictsp\/wp-json\/wp\/v2\/users\/403"}],"replies":[{"embeddable":true,"href":"https:\/\/syndicoop.fr\/ufictsp\/wp-json\/wp\/v2\/comments?post=2152"}],"version-history":[{"count":0,"href":"https:\/\/syndicoop.fr\/ufictsp\/wp-json\/wp\/v2\/pages\/2152\/revisions"}],"wp:attachment":[{"href":"https:\/\/syndicoop.fr\/ufictsp\/wp-json\/wp\/v2\/media?parent=2152"}],"curies":[{"name":"wp","href":"https:\/\/api.w.org\/{rel}","templated":true}]}}