{"id":582,"date":"2018-05-02T02:06:56","date_gmt":"2018-05-02T00:06:56","guid":{"rendered":"http:\/\/ufictsp.reference-syndicale.fr\/?page_id=582"},"modified":"2021-10-22T17:00:01","modified_gmt":"2021-10-22T15:00:01","slug":"orientations","status":"publish","type":"page","link":"https:\/\/syndicoop.fr\/ufictsp\/orientations\/","title":{"rendered":"Orientations"},"content":{"rendered":"<p><img decoding=\"async\" class=\"size-full wp-image-583 aligncenter lazyload\" data-src=\"http:\/\/ufictsp.reference-syndicale.fr\/files\/2018\/05\/congresufict.jpg\" alt=\"\" width=\"180\" height=\"122\" src=\"data:image\/svg+xml;base64,PHN2ZyB3aWR0aD0iMSIgaGVpZ2h0PSIxIiB4bWxucz0iaHR0cDovL3d3dy53My5vcmcvMjAwMC9zdmciPjwvc3ZnPg==\" style=\"--smush-placeholder-width: 180px; --smush-placeholder-aspect-ratio: 180\/122;\" \/><\/p>\n<h2>10\u00e8me congr\u00e8s de l&rsquo;UFICT SP, Montreuil 2021<\/h2>\n<p>T\u00e9l\u00e9chargez le document d&rsquo;orientation adopt\u00e9 par le 10\u00e8me congr\u00e8s : <a href=\"https:\/\/syndicoop.fr\/ufictsp\/wp-content\/uploads\/sites\/35\/2021\/10\/guide898-web.pdf\">Les Actes du 10\u00e8me congr\u00e8s<\/a><\/p>\n<p><img decoding=\"async\" class=\"aligncenter size-medium wp-image-1737 lazyload\" data-src=\"https:\/\/syndicoop.fr\/ufictsp\/wp-content\/uploads\/sites\/35\/2021\/10\/Actes-du-congres-219x300.png\" alt=\"\" width=\"219\" height=\"300\" data-srcset=\"https:\/\/syndicoop.fr\/ufictsp\/wp-content\/uploads\/sites\/35\/2021\/10\/Actes-du-congres-219x300.png 219w, https:\/\/syndicoop.fr\/ufictsp\/wp-content\/uploads\/sites\/35\/2021\/10\/Actes-du-congres.png 416w\" data-sizes=\"(max-width: 219px) 100vw, 219px\" src=\"data:image\/svg+xml;base64,PHN2ZyB3aWR0aD0iMSIgaGVpZ2h0PSIxIiB4bWxucz0iaHR0cDovL3d3dy53My5vcmcvMjAwMC9zdmciPjwvc3ZnPg==\" style=\"--smush-placeholder-width: 219px; --smush-placeholder-aspect-ratio: 219\/300;\" \/><\/p>\n<h2><\/h2>\n<h2>9\u00e8me congr\u00e8s de l&rsquo;UFICT SP, Les Issambres (83) 2016.<\/h2>\n<p>T\u00e9l\u00e9chargez le document d&rsquo;orientation adopt\u00e9 par le 9\u00e8me congr\u00e8s : <a href=\"http:\/\/ufictsp.reference-syndicale.fr\/files\/2018\/05\/9eme-congres-UFICT-2016-Les-Issambres.pdf\">9eme congres UFICT 2016 Les Issambres<\/a><\/p>\n<p><img decoding=\"async\" class=\"size-medium wp-image-648 aligncenter lazyload\" data-src=\"http:\/\/ufictsp.reference-syndicale.fr\/files\/2018\/05\/9eme-congres-UFICT-2016-Les-Issambres-211x300.png\" alt=\"\" width=\"211\" height=\"300\" data-srcset=\"https:\/\/syndicoop.fr\/ufictsp\/wp-content\/uploads\/sites\/35\/2018\/05\/9eme-congres-UFICT-2016-Les-Issambres-211x300.png 211w, https:\/\/syndicoop.fr\/ufictsp\/wp-content\/uploads\/sites\/35\/2018\/05\/9eme-congres-UFICT-2016-Les-Issambres.png 461w\" data-sizes=\"(max-width: 211px) 100vw, 211px\" src=\"data:image\/svg+xml;base64,PHN2ZyB3aWR0aD0iMSIgaGVpZ2h0PSIxIiB4bWxucz0iaHR0cDovL3d3dy53My5vcmcvMjAwMC9zdmciPjwvc3ZnPg==\" style=\"--smush-placeholder-width: 211px; --smush-placeholder-aspect-ratio: 211\/300;\" \/><\/p>\n<p align=\"LEFT\">Lire l&rsquo;article : <a href=\"http:\/\/ufictsp.reference-syndicale.fr\/files\/2018\/05\/9eme-congres-de-lUFICT-CGT-SP-Un-congr\u00e8s-\u00e0-l\u2019esprit-de-conqu\u00eate-SPM100-1.pdf\">9eme congres de l&rsquo;UFICT CGT SP, Un congr\u00e8s \u00e0 l\u2019esprit de conqu\u00eate &#8211; SPM100<\/a><img decoding=\"async\" class=\"wp-image-637 size-medium aligncenter lazyload\" data-src=\"http:\/\/ufictsp.reference-syndicale.fr\/files\/2018\/05\/9eme-congres-de-lUFICT-CGT-SP-Un-congr\u00e8s-\u00e0-l\u2019esprit-de-conqu\u00eate-SPM100-pdf-1-212x300.jpg\" alt=\"\" width=\"212\" height=\"300\" data-srcset=\"https:\/\/syndicoop.fr\/ufictsp\/wp-content\/uploads\/sites\/35\/2018\/05\/9eme-congres-de-lUFICT-CGT-SP-Un-congr\u00e8s-\u00e0-l\u2019esprit-de-conqu\u00eate-SPM100-pdf-1-212x300.jpg 212w, https:\/\/syndicoop.fr\/ufictsp\/wp-content\/uploads\/sites\/35\/2018\/05\/9eme-congres-de-lUFICT-CGT-SP-Un-congr\u00e8s-\u00e0-l\u2019esprit-de-conqu\u00eate-SPM100-pdf-1-768x1087.jpg 768w, https:\/\/syndicoop.fr\/ufictsp\/wp-content\/uploads\/sites\/35\/2018\/05\/9eme-congres-de-lUFICT-CGT-SP-Un-congr\u00e8s-\u00e0-l\u2019esprit-de-conqu\u00eate-SPM100-pdf-1-724x1024.jpg 724w, https:\/\/syndicoop.fr\/ufictsp\/wp-content\/uploads\/sites\/35\/2018\/05\/9eme-congres-de-lUFICT-CGT-SP-Un-congr\u00e8s-\u00e0-l\u2019esprit-de-conqu\u00eate-SPM100-pdf-1.jpg 1058w\" data-sizes=\"(max-width: 212px) 100vw, 212px\" src=\"data:image\/svg+xml;base64,PHN2ZyB3aWR0aD0iMSIgaGVpZ2h0PSIxIiB4bWxucz0iaHR0cDovL3d3dy53My5vcmcvMjAwMC9zdmciPjwvc3ZnPg==\" style=\"--smush-placeholder-width: 212px; --smush-placeholder-aspect-ratio: 212\/300;\" \/><\/p>\n<h2 align=\"LEFT\">8\u00e8me congr\u00e8s de l&rsquo;UFICT SP, 2012 Bordeaux<\/h2>\n<p align=\"LEFT\">Lire le document d&rsquo;orientation: <a href=\"http:\/\/ufictsp.reference-syndicale.fr\/files\/2018\/05\/8eme-congres-UFICT-SP-2012-Bordeaux.pdf\">8eme congres UFICT SP 2012 Bordeaux<\/a><\/p>\n<p align=\"LEFT\"><img decoding=\"async\" class=\"wp-image-641 aligncenter lazyload\" data-src=\"http:\/\/ufictsp.reference-syndicale.fr\/files\/2018\/05\/8emecongresufictSP-300x296.png\" alt=\"\" width=\"184\" height=\"182\" data-srcset=\"https:\/\/syndicoop.fr\/ufictsp\/wp-content\/uploads\/sites\/35\/2018\/05\/8emecongresufictSP-300x296.png 300w, https:\/\/syndicoop.fr\/ufictsp\/wp-content\/uploads\/sites\/35\/2018\/05\/8emecongresufictSP.png 675w\" data-sizes=\"(max-width: 184px) 100vw, 184px\" src=\"data:image\/svg+xml;base64,PHN2ZyB3aWR0aD0iMSIgaGVpZ2h0PSIxIiB4bWxucz0iaHR0cDovL3d3dy53My5vcmcvMjAwMC9zdmciPjwvc3ZnPg==\" style=\"--smush-placeholder-width: 184px; --smush-placeholder-aspect-ratio: 184\/182;\" \/><\/p>\n<h2 align=\"LEFT\">7\u00e8me congr\u00e8s de l&rsquo;UFICT SP, 2008 Vichy<\/h2>\n<p align=\"LEFT\">Lire le document d&rsquo;orientation:<a href=\"http:\/\/ufictsp.reference-syndicale.fr\/files\/2018\/05\/7eme-congres-UFICT-SP-2008-Vichy.pdf\">7eme congres UFICT SP 2008 Vichy<\/a><\/p>\n<p style=\"text-align: center\" align=\"LEFT\"><img decoding=\"async\" class=\"alignnone size-medium wp-image-644 lazyload\" data-src=\"http:\/\/ufictsp.reference-syndicale.fr\/files\/2018\/05\/7eme-congres-UFICT-SP-2008-Vichy-204x300.png\" alt=\"\" width=\"204\" height=\"300\" data-srcset=\"https:\/\/syndicoop.fr\/ufictsp\/wp-content\/uploads\/sites\/35\/2018\/05\/7eme-congres-UFICT-SP-2008-Vichy-204x300.png 204w, https:\/\/syndicoop.fr\/ufictsp\/wp-content\/uploads\/sites\/35\/2018\/05\/7eme-congres-UFICT-SP-2008-Vichy.png 443w\" data-sizes=\"(max-width: 204px) 100vw, 204px\" src=\"data:image\/svg+xml;base64,PHN2ZyB3aWR0aD0iMSIgaGVpZ2h0PSIxIiB4bWxucz0iaHR0cDovL3d3dy53My5vcmcvMjAwMC9zdmciPjwvc3ZnPg==\" style=\"--smush-placeholder-width: 204px; --smush-placeholder-aspect-ratio: 204\/300;\" \/><\/p>\n<h2 align=\"LEFT\">6\u00e8me congr\u00e8s de l&rsquo;UFICT SP, 2005 Poitiers<\/h2>\n<p>Lire l&rsquo;article de Publics \u00ab\u00a0De retour du 6\u00e8me congr\u00e8s de l&rsquo;UFICT SP\u00a0\u00bb: <a href=\"http:\/\/ufictsp.reference-syndicale.fr\/files\/2018\/05\/6eme-congres-de-lUFICT-SP-article-de-retour-du-congr\u00e8s-2005-Poitiers.pdf\">6eme congres de l&rsquo;UFICT SP- article de retour du congr\u00e8s 2005 Poitiers<\/a><\/p>\n<p><img decoding=\"async\" class=\"alignnone size-medium wp-image-646 aligncenter lazyload\" data-src=\"http:\/\/ufictsp.reference-syndicale.fr\/files\/2018\/05\/6eme-congres-de-lUFICT-SP-article-de-retour-du-congr\u00e8s-2005-Poitiers-214x300.png\" alt=\"\" width=\"214\" height=\"300\" data-srcset=\"https:\/\/syndicoop.fr\/ufictsp\/wp-content\/uploads\/sites\/35\/2018\/05\/6eme-congres-de-lUFICT-SP-article-de-retour-du-congr\u00e8s-2005-Poitiers-214x300.png 214w, https:\/\/syndicoop.fr\/ufictsp\/wp-content\/uploads\/sites\/35\/2018\/05\/6eme-congres-de-lUFICT-SP-article-de-retour-du-congr\u00e8s-2005-Poitiers.png 456w\" data-sizes=\"(max-width: 214px) 100vw, 214px\" src=\"data:image\/svg+xml;base64,PHN2ZyB3aWR0aD0iMSIgaGVpZ2h0PSIxIiB4bWxucz0iaHR0cDovL3d3dy53My5vcmcvMjAwMC9zdmciPjwvc3ZnPg==\" style=\"--smush-placeholder-width: 214px; --smush-placeholder-aspect-ratio: 214\/300;\" \/><\/p>\n","protected":false},"excerpt":{"rendered":"<p>10\u00e8me congr\u00e8s de l&rsquo;UFICT SP, Montreuil 2021 T\u00e9l\u00e9chargez le document d&rsquo;orientation adopt\u00e9 par le 10\u00e8me congr\u00e8s : Les Actes du 10\u00e8me congr\u00e8s 9\u00e8me congr\u00e8s de l&rsquo;UFICT SP, Les Issambres (83) 2016. T\u00e9l\u00e9chargez le document d&rsquo;orientation adopt\u00e9 par le 9\u00e8me congr\u00e8s : 9eme congres UFICT 2016 Les Issambres Lire l&rsquo;article : 9eme congres de l&rsquo;UFICT CGT [&hellip;]<\/p>\n","protected":false},"author":1,"featured_media":0,"parent":0,"menu_order":0,"comment_status":"closed","ping_status":"closed","template":"","meta":{"_acf_changed":false,"footnotes":""},"class_list":["post-582","page","type-page","status-publish","hentry"],"acf":[],"yoast_head":"<!-- This site is optimized with the Yoast SEO plugin v26.3 - https:\/\/yoast.com\/wordpress\/plugins\/seo\/ -->\n<title>Orientations - UFICT des services publics<\/title>\n<meta name=\"robots\" content=\"index, follow, max-snippet:-1, max-image-preview:large, max-video-preview:-1\" \/>\n<link rel=\"canonical\" href=\"https:\/\/syndicoop.fr\/ufictsp\/orientations\/\" \/>\n<meta property=\"og:locale\" content=\"fr_FR\" \/>\n<meta property=\"og:type\" content=\"article\" \/>\n<meta property=\"og:title\" content=\"Orientations - UFICT des services publics\" \/>\n<meta property=\"og:description\" content=\"10\u00e8me congr\u00e8s de l&rsquo;UFICT SP, Montreuil 2021 T\u00e9l\u00e9chargez le document d&rsquo;orientation adopt\u00e9 par le 10\u00e8me congr\u00e8s : Les Actes du 10\u00e8me congr\u00e8s 9\u00e8me congr\u00e8s de l&rsquo;UFICT SP, Les Issambres (83) 2016. T\u00e9l\u00e9chargez le document d&rsquo;orientation adopt\u00e9 par le 9\u00e8me congr\u00e8s : 9eme congres UFICT 2016 Les Issambres Lire l&rsquo;article : 9eme congres de l&rsquo;UFICT CGT [&hellip;]\" \/>\n<meta property=\"og:url\" content=\"https:\/\/syndicoop.fr\/ufictsp\/orientations\/\" \/>\n<meta property=\"og:site_name\" content=\"UFICT des services publics\" \/>\n<meta property=\"article:modified_time\" content=\"2021-10-22T15:00:01+00:00\" \/>\n<meta property=\"og:image\" content=\"http:\/\/ufictsp.reference-syndicale.fr\/files\/2018\/05\/congresufict.jpg\" \/>\n<meta name=\"twitter:card\" content=\"summary_large_image\" \/>\n<meta name=\"twitter:label1\" content=\"Dur\u00e9e de lecture estim\u00e9e\" \/>\n\t<meta name=\"twitter:data1\" content=\"1 minute\" \/>\n<script type=\"application\/ld+json\" class=\"yoast-schema-graph\">{\"@context\":\"https:\/\/schema.org\",\"@graph\":[{\"@type\":\"WebPage\",\"@id\":\"https:\/\/syndicoop.fr\/ufictsp\/orientations\/\",\"url\":\"https:\/\/syndicoop.fr\/ufictsp\/orientations\/\",\"name\":\"Orientations - UFICT des services publics\",\"isPartOf\":{\"@id\":\"https:\/\/syndicoop.fr\/ufictsp\/#website\"},\"primaryImageOfPage\":{\"@id\":\"https:\/\/syndicoop.fr\/ufictsp\/orientations\/#primaryimage\"},\"image\":{\"@id\":\"https:\/\/syndicoop.fr\/ufictsp\/orientations\/#primaryimage\"},\"thumbnailUrl\":\"http:\/\/ufictsp.reference-syndicale.fr\/files\/2018\/05\/congresufict.jpg\",\"datePublished\":\"2018-05-02T00:06:56+00:00\",\"dateModified\":\"2021-10-22T15:00:01+00:00\",\"breadcrumb\":{\"@id\":\"https:\/\/syndicoop.fr\/ufictsp\/orientations\/#breadcrumb\"},\"inLanguage\":\"fr-FR\",\"potentialAction\":[{\"@type\":\"ReadAction\",\"target\":[\"https:\/\/syndicoop.fr\/ufictsp\/orientations\/\"]}]},{\"@type\":\"ImageObject\",\"inLanguage\":\"fr-FR\",\"@id\":\"https:\/\/syndicoop.fr\/ufictsp\/orientations\/#primaryimage\",\"url\":\"http:\/\/ufictsp.reference-syndicale.fr\/files\/2018\/05\/congresufict.jpg\",\"contentUrl\":\"http:\/\/ufictsp.reference-syndicale.fr\/files\/2018\/05\/congresufict.jpg\"},{\"@type\":\"BreadcrumbList\",\"@id\":\"https:\/\/syndicoop.fr\/ufictsp\/orientations\/#breadcrumb\",\"itemListElement\":[{\"@type\":\"ListItem\",\"position\":1,\"name\":\"Accueil\",\"item\":\"https:\/\/syndicoop.fr\/ufictsp\/\"},{\"@type\":\"ListItem\",\"position\":2,\"name\":\"Orientations\"}]},{\"@type\":\"WebSite\",\"@id\":\"https:\/\/syndicoop.fr\/ufictsp\/#website\",\"url\":\"https:\/\/syndicoop.fr\/ufictsp\/\",\"name\":\"UFICT CGT des services publics\",\"description\":\"Avec Syndicoop - la plateforme syndicale et coop\u00e9rative\",\"publisher\":{\"@id\":\"https:\/\/syndicoop.fr\/ufictsp\/#organization\"},\"potentialAction\":[{\"@type\":\"SearchAction\",\"target\":{\"@type\":\"EntryPoint\",\"urlTemplate\":\"https:\/\/syndicoop.fr\/ufictsp\/?s={search_term_string}\"},\"query-input\":{\"@type\":\"PropertyValueSpecification\",\"valueRequired\":true,\"valueName\":\"search_term_string\"}}],\"inLanguage\":\"fr-FR\"},{\"@type\":\"Organization\",\"@id\":\"https:\/\/syndicoop.fr\/ufictsp\/#organization\",\"name\":\"UFICT CGT des Services publics\",\"url\":\"https:\/\/syndicoop.fr\/ufictsp\/\",\"logo\":{\"@type\":\"ImageObject\",\"inLanguage\":\"fr-FR\",\"@id\":\"https:\/\/syndicoop.fr\/ufictsp\/#\/schema\/logo\/image\/\",\"url\":\"https:\/\/syndicoop.fr\/ufictsp\/wp-content\/uploads\/sites\/35\/2019\/12\/Logoufictnational.png\",\"contentUrl\":\"https:\/\/syndicoop.fr\/ufictsp\/wp-content\/uploads\/sites\/35\/2019\/12\/Logoufictnational.png\",\"width\":684,\"height\":464,\"caption\":\"UFICT CGT des Services publics\"},\"image\":{\"@id\":\"https:\/\/syndicoop.fr\/ufictsp\/#\/schema\/logo\/image\/\"}}]}<\/script>\n<!-- \/ Yoast SEO plugin. -->","yoast_head_json":{"title":"Orientations - UFICT des services publics","robots":{"index":"index","follow":"follow","max-snippet":"max-snippet:-1","max-image-preview":"max-image-preview:large","max-video-preview":"max-video-preview:-1"},"canonical":"https:\/\/syndicoop.fr\/ufictsp\/orientations\/","og_locale":"fr_FR","og_type":"article","og_title":"Orientations - UFICT des services publics","og_description":"10\u00e8me congr\u00e8s de l&rsquo;UFICT SP, Montreuil 2021 T\u00e9l\u00e9chargez le document d&rsquo;orientation adopt\u00e9 par le 10\u00e8me congr\u00e8s : Les Actes du 10\u00e8me congr\u00e8s 9\u00e8me congr\u00e8s de l&rsquo;UFICT SP, Les Issambres (83) 2016. T\u00e9l\u00e9chargez le document d&rsquo;orientation adopt\u00e9 par le 9\u00e8me congr\u00e8s : 9eme congres UFICT 2016 Les Issambres Lire l&rsquo;article : 9eme congres de l&rsquo;UFICT CGT [&hellip;]","og_url":"https:\/\/syndicoop.fr\/ufictsp\/orientations\/","og_site_name":"UFICT des services publics","article_modified_time":"2021-10-22T15:00:01+00:00","og_image":[{"url":"http:\/\/ufictsp.reference-syndicale.fr\/files\/2018\/05\/congresufict.jpg","type":"","width":"","height":""}],"twitter_card":"summary_large_image","twitter_misc":{"Dur\u00e9e de lecture estim\u00e9e":"1 minute"},"schema":{"@context":"https:\/\/schema.org","@graph":[{"@type":"WebPage","@id":"https:\/\/syndicoop.fr\/ufictsp\/orientations\/","url":"https:\/\/syndicoop.fr\/ufictsp\/orientations\/","name":"Orientations - UFICT des services publics","isPartOf":{"@id":"https:\/\/syndicoop.fr\/ufictsp\/#website"},"primaryImageOfPage":{"@id":"https:\/\/syndicoop.fr\/ufictsp\/orientations\/#primaryimage"},"image":{"@id":"https:\/\/syndicoop.fr\/ufictsp\/orientations\/#primaryimage"},"thumbnailUrl":"http:\/\/ufictsp.reference-syndicale.fr\/files\/2018\/05\/congresufict.jpg","datePublished":"2018-05-02T00:06:56+00:00","dateModified":"2021-10-22T15:00:01+00:00","breadcrumb":{"@id":"https:\/\/syndicoop.fr\/ufictsp\/orientations\/#breadcrumb"},"inLanguage":"fr-FR","potentialAction":[{"@type":"ReadAction","target":["https:\/\/syndicoop.fr\/ufictsp\/orientations\/"]}]},{"@type":"ImageObject","inLanguage":"fr-FR","@id":"https:\/\/syndicoop.fr\/ufictsp\/orientations\/#primaryimage","url":"http:\/\/ufictsp.reference-syndicale.fr\/files\/2018\/05\/congresufict.jpg","contentUrl":"http:\/\/ufictsp.reference-syndicale.fr\/files\/2018\/05\/congresufict.jpg"},{"@type":"BreadcrumbList","@id":"https:\/\/syndicoop.fr\/ufictsp\/orientations\/#breadcrumb","itemListElement":[{"@type":"ListItem","position":1,"name":"Accueil","item":"https:\/\/syndicoop.fr\/ufictsp\/"},{"@type":"ListItem","position":2,"name":"Orientations"}]},{"@type":"WebSite","@id":"https:\/\/syndicoop.fr\/ufictsp\/#website","url":"https:\/\/syndicoop.fr\/ufictsp\/","name":"UFICT CGT des services publics","description":"Avec Syndicoop - la plateforme syndicale et coop\u00e9rative","publisher":{"@id":"https:\/\/syndicoop.fr\/ufictsp\/#organization"},"potentialAction":[{"@type":"SearchAction","target":{"@type":"EntryPoint","urlTemplate":"https:\/\/syndicoop.fr\/ufictsp\/?s={search_term_string}"},"query-input":{"@type":"PropertyValueSpecification","valueRequired":true,"valueName":"search_term_string"}}],"inLanguage":"fr-FR"},{"@type":"Organization","@id":"https:\/\/syndicoop.fr\/ufictsp\/#organization","name":"UFICT CGT des Services publics","url":"https:\/\/syndicoop.fr\/ufictsp\/","logo":{"@type":"ImageObject","inLanguage":"fr-FR","@id":"https:\/\/syndicoop.fr\/ufictsp\/#\/schema\/logo\/image\/","url":"https:\/\/syndicoop.fr\/ufictsp\/wp-content\/uploads\/sites\/35\/2019\/12\/Logoufictnational.png","contentUrl":"https:\/\/syndicoop.fr\/ufictsp\/wp-content\/uploads\/sites\/35\/2019\/12\/Logoufictnational.png","width":684,"height":464,"caption":"UFICT CGT des Services publics"},"image":{"@id":"https:\/\/syndicoop.fr\/ufictsp\/#\/schema\/logo\/image\/"}}]}},"_links":{"self":[{"href":"https:\/\/syndicoop.fr\/ufictsp\/wp-json\/wp\/v2\/pages\/582","targetHints":{"allow":["GET"]}}],"collection":[{"href":"https:\/\/syndicoop.fr\/ufictsp\/wp-json\/wp\/v2\/pages"}],"about":[{"href":"https:\/\/syndicoop.fr\/ufictsp\/wp-json\/wp\/v2\/types\/page"}],"author":[{"embeddable":true,"href":"https:\/\/syndicoop.fr\/ufictsp\/wp-json\/wp\/v2\/users\/1"}],"replies":[{"embeddable":true,"href":"https:\/\/syndicoop.fr\/ufictsp\/wp-json\/wp\/v2\/comments?post=582"}],"version-history":[{"count":0,"href":"https:\/\/syndicoop.fr\/ufictsp\/wp-json\/wp\/v2\/pages\/582\/revisions"}],"wp:attachment":[{"href":"https:\/\/syndicoop.fr\/ufictsp\/wp-json\/wp\/v2\/media?parent=582"}],"curies":[{"name":"wp","href":"https:\/\/api.w.org\/{rel}","templated":true}]}}