{"id":586,"date":"2018-05-02T02:23:51","date_gmt":"2018-05-02T00:23:51","guid":{"rendered":"http:\/\/ufictsp.reference-syndicale.fr\/?page_id=586"},"modified":"2021-11-07T14:53:49","modified_gmt":"2021-11-07T13:53:49","slug":"les-instances-de-lufict","status":"publish","type":"page","link":"https:\/\/syndicoop.fr\/ufictsp\/les-instances-de-lufict\/","title":{"rendered":"Les instances de l&rsquo;UFICT"},"content":{"rendered":"<p align=\"LEFT\"><span style=\"color: #ffffff\">&#8230;&#8230;&#8230;.<\/span><\/p>\n<h2 align=\"LEFT\">Le congr\u00e8s<\/h2>\n<p>L\u2019instance sup\u00e9rieure de l\u2019UFICT est le <a href=\"http:\/\/ufictsp.reference-syndicale.fr\/orientations\/\" target=\"_blank\" rel=\"noopener\">congr\u00e8s<\/a>. Le congr\u00e8s de l\u2019UFICT a pour mission de d\u00e9finir l\u2019orientation de l\u2019UFICT. Il \u00e9lit la Commission ex\u00e9cutive et la Commission financi\u00e8re de contr\u00f4le (CFC).<\/p>\n<p><img decoding=\"async\" class=\"aligncenter size-medium wp-image-1746 lazyload\" data-src=\"https:\/\/syndicoop.fr\/ufictsp\/wp-content\/uploads\/sites\/35\/2021\/10\/IMG_0257-300x200.jpg\" alt=\"\" width=\"300\" height=\"200\" data-srcset=\"https:\/\/syndicoop.fr\/ufictsp\/wp-content\/uploads\/sites\/35\/2021\/10\/IMG_0257-300x200.jpg 300w, https:\/\/syndicoop.fr\/ufictsp\/wp-content\/uploads\/sites\/35\/2021\/10\/IMG_0257-1024x683.jpg 1024w, https:\/\/syndicoop.fr\/ufictsp\/wp-content\/uploads\/sites\/35\/2021\/10\/IMG_0257-768x512.jpg 768w, https:\/\/syndicoop.fr\/ufictsp\/wp-content\/uploads\/sites\/35\/2021\/10\/IMG_0257-1536x1024.jpg 1536w, https:\/\/syndicoop.fr\/ufictsp\/wp-content\/uploads\/sites\/35\/2021\/10\/IMG_0257-2048x1365.jpg 2048w\" data-sizes=\"(max-width: 300px) 100vw, 300px\" src=\"data:image\/svg+xml;base64,PHN2ZyB3aWR0aD0iMSIgaGVpZ2h0PSIxIiB4bWxucz0iaHR0cDovL3d3dy53My5vcmcvMjAwMC9zdmciPjwvc3ZnPg==\" style=\"--smush-placeholder-width: 300px; --smush-placeholder-aspect-ratio: 300\/200;\" \/><\/p>\n<h2>Le conseil national<\/h2>\n<p align=\"LEFT\">Dans l\u2019intervalle des congr\u00e8s, le Conseil National a qualit\u00e9 pour prendre toutes mesures n\u00e9cessaires \u00e0 l\u2019application des d\u00e9cisions du congr\u00e8s ainsi que celles qu\u2019impose l\u2019\u00e9volution de la situation.<\/p>\n<p align=\"LEFT\"><img decoding=\"async\" class=\"alignnone size-medium wp-image-698 aligncenter lazyload\" data-src=\"http:\/\/ufictsp.reference-syndicale.fr\/files\/2018\/05\/cnufict-300x169.jpg\" alt=\"\" width=\"300\" height=\"169\" data-srcset=\"https:\/\/syndicoop.fr\/ufictsp\/wp-content\/uploads\/sites\/35\/2018\/05\/cnufict-300x169.jpg 300w, https:\/\/syndicoop.fr\/ufictsp\/wp-content\/uploads\/sites\/35\/2018\/05\/cnufict-768x432.jpg 768w, https:\/\/syndicoop.fr\/ufictsp\/wp-content\/uploads\/sites\/35\/2018\/05\/cnufict-1024x576.jpg 1024w\" data-sizes=\"(max-width: 300px) 100vw, 300px\" src=\"data:image\/svg+xml;base64,PHN2ZyB3aWR0aD0iMSIgaGVpZ2h0PSIxIiB4bWxucz0iaHR0cDovL3d3dy53My5vcmcvMjAwMC9zdmciPjwvc3ZnPg==\" style=\"--smush-placeholder-width: 300px; --smush-placeholder-aspect-ratio: 300\/169;\" \/><\/p>\n<h2 align=\"LEFT\">La commission ex\u00e9cutive<\/h2>\n<p><span style=\"color: #000000\">Le Congr\u00e8s \u00e9lit la <a href=\"https:\/\/syndicoop.fr\/ufictsp\/wp-content\/uploads\/sites\/35\/2021\/10\/CE-elue-totale.pdf\">Commission ex\u00e9cutive<\/a> \u00e0 la majorit\u00e9 absolue des voix repr\u00e9sent\u00e9es au congr\u00e8s. La Commission ex\u00e9cutive, organisme dirigeant de l\u2019UFICT, est charg\u00e9e d\u2019ex\u00e9cuter les d\u00e9cisions prises par le Congr\u00e8s. Elle assure, avec le bureau, la direction et l\u2019administration de l\u2019UFICT sous le contr\u00f4le du Conseil National. Elle approuve les comptes annuels.<\/span><\/p>\n<p><img decoding=\"async\" class=\"alignnone size-medium wp-image-587 aligncenter lazyload\" data-src=\"http:\/\/ufictsp.reference-syndicale.fr\/files\/2018\/05\/CEufict-300x169.jpg\" alt=\"\" width=\"300\" height=\"169\" data-srcset=\"https:\/\/syndicoop.fr\/ufictsp\/wp-content\/uploads\/sites\/35\/2018\/05\/CEufict-300x169.jpg 300w, https:\/\/syndicoop.fr\/ufictsp\/wp-content\/uploads\/sites\/35\/2018\/05\/CEufict-768x432.jpg 768w, https:\/\/syndicoop.fr\/ufictsp\/wp-content\/uploads\/sites\/35\/2018\/05\/CEufict-1024x576.jpg 1024w\" data-sizes=\"(max-width: 300px) 100vw, 300px\" src=\"data:image\/svg+xml;base64,PHN2ZyB3aWR0aD0iMSIgaGVpZ2h0PSIxIiB4bWxucz0iaHR0cDovL3d3dy53My5vcmcvMjAwMC9zdmciPjwvc3ZnPg==\" style=\"--smush-placeholder-width: 300px; --smush-placeholder-aspect-ratio: 300\/169;\" \/><\/p>\n<h2 align=\"LEFT\">La commission financi\u00e8re de contr\u00f4le<\/h2>\n<p align=\"LEFT\"><span style=\"color: #000000\">La CFC a un r\u00f4le de v\u00e9rification et d\u2019\u00e9valuation de l\u2019application des orientations du congr\u00e8s en mati\u00e8re financi\u00e8re. Elle est comp\u00e9tente pour formuler toute suggestion et remarque sur la gestion et sur la politique financi\u00e8re de l\u2019UFICT. Elle aide la commission ex\u00e9cutive \u00e0 \u00e9tablir son budget pr\u00e9visionnel. Elle v\u00e9rifie la comptabilit\u00e9 et l\u2019avoir de l\u2019UFICT<\/span>.<\/p>\n<p align=\"LEFT\">Les membres de la CFC : <a href=\"https:\/\/syndicoop.fr\/ufictsp\/wp-content\/uploads\/sites\/35\/2021\/10\/CFC-01-1.pdf\">CFC<\/a><\/p>\n<h2 align=\"LEFT\">Le bureau<\/h2>\n<p align=\"LEFT\"><span style=\"color: #000000\">Le Bureau, dans le cadre de l\u2019orientation fix\u00e9e par le congr\u00e8s et des d\u00e9cisions prises par la CE, est charg\u00e9 de pr\u00e9parer les travaux de celle-ci, de r\u00e9gler les affaires courantes et d\u2019assurer le suivi du travail de l\u2019UFICT. Le Bureau dirige l\u2019UFICT entre les r\u00e9unions de la CE et d\u00e9termine la p\u00e9riodicit\u00e9 de ses r\u00e9unions.<\/span><\/p>\n<p align=\"LEFT\"><a href=\"https:\/\/syndicoop.fr\/ufictsp\/wp-content\/uploads\/sites\/35\/2021\/10\/Bureau-Ufict_2.pdf\">Membres du Bureau (photos)<\/a><\/p>\n<p align=\"LEFT\"><img decoding=\"async\" class=\"alignnone size-medium wp-image-696 aligncenter lazyload\" data-src=\"http:\/\/ufictsp.reference-syndicale.fr\/files\/2018\/05\/bureau-ufict-300x169.jpg\" alt=\"\" width=\"300\" height=\"169\" data-srcset=\"https:\/\/syndicoop.fr\/ufictsp\/wp-content\/uploads\/sites\/35\/2018\/05\/bureau-ufict-300x169.jpg 300w, https:\/\/syndicoop.fr\/ufictsp\/wp-content\/uploads\/sites\/35\/2018\/05\/bureau-ufict-768x432.jpg 768w, https:\/\/syndicoop.fr\/ufictsp\/wp-content\/uploads\/sites\/35\/2018\/05\/bureau-ufict-1024x576.jpg 1024w\" data-sizes=\"(max-width: 300px) 100vw, 300px\" src=\"data:image\/svg+xml;base64,PHN2ZyB3aWR0aD0iMSIgaGVpZ2h0PSIxIiB4bWxucz0iaHR0cDovL3d3dy53My5vcmcvMjAwMC9zdmciPjwvc3ZnPg==\" style=\"--smush-placeholder-width: 300px; --smush-placeholder-aspect-ratio: 300\/169;\" \/><\/p>\n<h2 align=\"LEFT\">Les p\u00f4les de travail<\/h2>\n<p>L&rsquo;UFICT est structur\u00e9e en 3 p\u00f4les:<\/p>\n<h4>1) <a href=\"https:\/\/syndicoop.fr\/ufictsp\/wp-content\/uploads\/sites\/35\/2021\/10\/Pole-revendicatif-02.pdf\">Le P\u00f4le revendicatif<\/a><\/h4>\n<p>Il est lui m\u00eame compos\u00e9 de plusieurs collectifs:<\/p>\n<ul style=\"list-style-type: circle\">\n<li>Cadres de la FPT et enjeux environnementaux<\/li>\n<li>Transformation num\u00e9rique du travail<\/li>\n<li>Encadrement sup\u00e9rieur<\/li>\n<li>Psychologues<\/li>\n<li>Enseignement artistique<\/li>\n<li>Discriminations<\/li>\n<\/ul>\n<h4>2) <a href=\"https:\/\/syndicoop.fr\/ufictsp\/wp-content\/uploads\/sites\/35\/2021\/11\/Pole-communication-02.pdf\">Le Pole communication<\/a><\/h4>\n<h4>3) <a href=\"https:\/\/syndicoop.fr\/ufictsp\/wp-content\/uploads\/sites\/35\/2021\/10\/Pole-Vie-Syndicale-01.pdf\">Le P\u00f4le Qualit\u00e9 de Vie Syndicale (QVS)<\/a><\/h4>\n<h4><\/h4>\n<p>&nbsp;<\/p>\n","protected":false},"excerpt":{"rendered":"<p>&#8230;&#8230;&#8230;. Le congr\u00e8s L\u2019instance sup\u00e9rieure de l\u2019UFICT est le congr\u00e8s. Le congr\u00e8s de l\u2019UFICT a pour mission de d\u00e9finir l\u2019orientation de l\u2019UFICT. Il \u00e9lit la Commission ex\u00e9cutive et la Commission financi\u00e8re de contr\u00f4le (CFC). Le conseil national Dans l\u2019intervalle des congr\u00e8s, le Conseil National a qualit\u00e9 pour prendre toutes mesures n\u00e9cessaires \u00e0 l\u2019application des d\u00e9cisions [&hellip;]<\/p>\n","protected":false},"author":1,"featured_media":685,"parent":0,"menu_order":0,"comment_status":"closed","ping_status":"closed","template":"","meta":{"_acf_changed":false,"footnotes":""},"class_list":["post-586","page","type-page","status-publish","has-post-thumbnail","hentry"],"acf":[],"yoast_head":"<!-- This site is optimized with the Yoast SEO plugin v26.3 - https:\/\/yoast.com\/wordpress\/plugins\/seo\/ -->\n<title>Les instances de l&#039;UFICT - UFICT des services publics<\/title>\n<meta name=\"robots\" content=\"index, follow, max-snippet:-1, max-image-preview:large, max-video-preview:-1\" \/>\n<link rel=\"canonical\" href=\"https:\/\/syndicoop.fr\/ufictsp\/les-instances-de-lufict\/\" \/>\n<meta property=\"og:locale\" content=\"fr_FR\" \/>\n<meta property=\"og:type\" content=\"article\" \/>\n<meta property=\"og:title\" content=\"Les instances de l&#039;UFICT - UFICT des services publics\" \/>\n<meta property=\"og:description\" content=\"&#8230;&#8230;&#8230;. Le congr\u00e8s L\u2019instance sup\u00e9rieure de l\u2019UFICT est le congr\u00e8s. Le congr\u00e8s de l\u2019UFICT a pour mission de d\u00e9finir l\u2019orientation de l\u2019UFICT. Il \u00e9lit la Commission ex\u00e9cutive et la Commission financi\u00e8re de contr\u00f4le (CFC). Le conseil national Dans l\u2019intervalle des congr\u00e8s, le Conseil National a qualit\u00e9 pour prendre toutes mesures n\u00e9cessaires \u00e0 l\u2019application des d\u00e9cisions [&hellip;]\" \/>\n<meta property=\"og:url\" content=\"https:\/\/syndicoop.fr\/ufictsp\/les-instances-de-lufict\/\" \/>\n<meta property=\"og:site_name\" content=\"UFICT des services publics\" \/>\n<meta property=\"article:modified_time\" content=\"2021-11-07T13:53:49+00:00\" \/>\n<meta property=\"og:image\" content=\"https:\/\/syndicoop.fr\/ufictsp\/wp-content\/uploads\/sites\/35\/2018\/05\/rouages.jpg\" \/>\n\t<meta property=\"og:image:width\" content=\"600\" \/>\n\t<meta property=\"og:image:height\" content=\"360\" \/>\n\t<meta property=\"og:image:type\" content=\"image\/jpeg\" \/>\n<meta name=\"twitter:card\" content=\"summary_large_image\" \/>\n<meta name=\"twitter:label1\" content=\"Dur\u00e9e de lecture estim\u00e9e\" \/>\n\t<meta name=\"twitter:data1\" content=\"3 minutes\" \/>\n<script type=\"application\/ld+json\" class=\"yoast-schema-graph\">{\"@context\":\"https:\/\/schema.org\",\"@graph\":[{\"@type\":\"WebPage\",\"@id\":\"https:\/\/syndicoop.fr\/ufictsp\/les-instances-de-lufict\/\",\"url\":\"https:\/\/syndicoop.fr\/ufictsp\/les-instances-de-lufict\/\",\"name\":\"Les instances de l'UFICT - UFICT des services publics\",\"isPartOf\":{\"@id\":\"https:\/\/syndicoop.fr\/ufictsp\/#website\"},\"primaryImageOfPage\":{\"@id\":\"https:\/\/syndicoop.fr\/ufictsp\/les-instances-de-lufict\/#primaryimage\"},\"image\":{\"@id\":\"https:\/\/syndicoop.fr\/ufictsp\/les-instances-de-lufict\/#primaryimage\"},\"thumbnailUrl\":\"https:\/\/syndicoop.fr\/ufictsp\/wp-content\/uploads\/sites\/35\/2018\/05\/rouages.jpg\",\"datePublished\":\"2018-05-02T00:23:51+00:00\",\"dateModified\":\"2021-11-07T13:53:49+00:00\",\"breadcrumb\":{\"@id\":\"https:\/\/syndicoop.fr\/ufictsp\/les-instances-de-lufict\/#breadcrumb\"},\"inLanguage\":\"fr-FR\",\"potentialAction\":[{\"@type\":\"ReadAction\",\"target\":[\"https:\/\/syndicoop.fr\/ufictsp\/les-instances-de-lufict\/\"]}]},{\"@type\":\"ImageObject\",\"inLanguage\":\"fr-FR\",\"@id\":\"https:\/\/syndicoop.fr\/ufictsp\/les-instances-de-lufict\/#primaryimage\",\"url\":\"https:\/\/syndicoop.fr\/ufictsp\/wp-content\/uploads\/sites\/35\/2018\/05\/rouages.jpg\",\"contentUrl\":\"https:\/\/syndicoop.fr\/ufictsp\/wp-content\/uploads\/sites\/35\/2018\/05\/rouages.jpg\",\"width\":600,\"height\":360},{\"@type\":\"BreadcrumbList\",\"@id\":\"https:\/\/syndicoop.fr\/ufictsp\/les-instances-de-lufict\/#breadcrumb\",\"itemListElement\":[{\"@type\":\"ListItem\",\"position\":1,\"name\":\"Accueil\",\"item\":\"https:\/\/syndicoop.fr\/ufictsp\/\"},{\"@type\":\"ListItem\",\"position\":2,\"name\":\"Les instances de l&#8217;UFICT\"}]},{\"@type\":\"WebSite\",\"@id\":\"https:\/\/syndicoop.fr\/ufictsp\/#website\",\"url\":\"https:\/\/syndicoop.fr\/ufictsp\/\",\"name\":\"UFICT CGT des services publics\",\"description\":\"Avec Syndicoop - la plateforme syndicale et coop\u00e9rative\",\"publisher\":{\"@id\":\"https:\/\/syndicoop.fr\/ufictsp\/#organization\"},\"potentialAction\":[{\"@type\":\"SearchAction\",\"target\":{\"@type\":\"EntryPoint\",\"urlTemplate\":\"https:\/\/syndicoop.fr\/ufictsp\/?s={search_term_string}\"},\"query-input\":{\"@type\":\"PropertyValueSpecification\",\"valueRequired\":true,\"valueName\":\"search_term_string\"}}],\"inLanguage\":\"fr-FR\"},{\"@type\":\"Organization\",\"@id\":\"https:\/\/syndicoop.fr\/ufictsp\/#organization\",\"name\":\"UFICT CGT des Services publics\",\"url\":\"https:\/\/syndicoop.fr\/ufictsp\/\",\"logo\":{\"@type\":\"ImageObject\",\"inLanguage\":\"fr-FR\",\"@id\":\"https:\/\/syndicoop.fr\/ufictsp\/#\/schema\/logo\/image\/\",\"url\":\"https:\/\/syndicoop.fr\/ufictsp\/wp-content\/uploads\/sites\/35\/2019\/12\/Logoufictnational.png\",\"contentUrl\":\"https:\/\/syndicoop.fr\/ufictsp\/wp-content\/uploads\/sites\/35\/2019\/12\/Logoufictnational.png\",\"width\":684,\"height\":464,\"caption\":\"UFICT CGT des Services publics\"},\"image\":{\"@id\":\"https:\/\/syndicoop.fr\/ufictsp\/#\/schema\/logo\/image\/\"}}]}<\/script>\n<!-- \/ Yoast SEO plugin. -->","yoast_head_json":{"title":"Les instances de l'UFICT - UFICT des services publics","robots":{"index":"index","follow":"follow","max-snippet":"max-snippet:-1","max-image-preview":"max-image-preview:large","max-video-preview":"max-video-preview:-1"},"canonical":"https:\/\/syndicoop.fr\/ufictsp\/les-instances-de-lufict\/","og_locale":"fr_FR","og_type":"article","og_title":"Les instances de l'UFICT - UFICT des services publics","og_description":"&#8230;&#8230;&#8230;. Le congr\u00e8s L\u2019instance sup\u00e9rieure de l\u2019UFICT est le congr\u00e8s. Le congr\u00e8s de l\u2019UFICT a pour mission de d\u00e9finir l\u2019orientation de l\u2019UFICT. Il \u00e9lit la Commission ex\u00e9cutive et la Commission financi\u00e8re de contr\u00f4le (CFC). Le conseil national Dans l\u2019intervalle des congr\u00e8s, le Conseil National a qualit\u00e9 pour prendre toutes mesures n\u00e9cessaires \u00e0 l\u2019application des d\u00e9cisions [&hellip;]","og_url":"https:\/\/syndicoop.fr\/ufictsp\/les-instances-de-lufict\/","og_site_name":"UFICT des services publics","article_modified_time":"2021-11-07T13:53:49+00:00","og_image":[{"width":600,"height":360,"url":"https:\/\/syndicoop.fr\/ufictsp\/wp-content\/uploads\/sites\/35\/2018\/05\/rouages.jpg","type":"image\/jpeg"}],"twitter_card":"summary_large_image","twitter_misc":{"Dur\u00e9e de lecture estim\u00e9e":"3 minutes"},"schema":{"@context":"https:\/\/schema.org","@graph":[{"@type":"WebPage","@id":"https:\/\/syndicoop.fr\/ufictsp\/les-instances-de-lufict\/","url":"https:\/\/syndicoop.fr\/ufictsp\/les-instances-de-lufict\/","name":"Les instances de l'UFICT - UFICT des services publics","isPartOf":{"@id":"https:\/\/syndicoop.fr\/ufictsp\/#website"},"primaryImageOfPage":{"@id":"https:\/\/syndicoop.fr\/ufictsp\/les-instances-de-lufict\/#primaryimage"},"image":{"@id":"https:\/\/syndicoop.fr\/ufictsp\/les-instances-de-lufict\/#primaryimage"},"thumbnailUrl":"https:\/\/syndicoop.fr\/ufictsp\/wp-content\/uploads\/sites\/35\/2018\/05\/rouages.jpg","datePublished":"2018-05-02T00:23:51+00:00","dateModified":"2021-11-07T13:53:49+00:00","breadcrumb":{"@id":"https:\/\/syndicoop.fr\/ufictsp\/les-instances-de-lufict\/#breadcrumb"},"inLanguage":"fr-FR","potentialAction":[{"@type":"ReadAction","target":["https:\/\/syndicoop.fr\/ufictsp\/les-instances-de-lufict\/"]}]},{"@type":"ImageObject","inLanguage":"fr-FR","@id":"https:\/\/syndicoop.fr\/ufictsp\/les-instances-de-lufict\/#primaryimage","url":"https:\/\/syndicoop.fr\/ufictsp\/wp-content\/uploads\/sites\/35\/2018\/05\/rouages.jpg","contentUrl":"https:\/\/syndicoop.fr\/ufictsp\/wp-content\/uploads\/sites\/35\/2018\/05\/rouages.jpg","width":600,"height":360},{"@type":"BreadcrumbList","@id":"https:\/\/syndicoop.fr\/ufictsp\/les-instances-de-lufict\/#breadcrumb","itemListElement":[{"@type":"ListItem","position":1,"name":"Accueil","item":"https:\/\/syndicoop.fr\/ufictsp\/"},{"@type":"ListItem","position":2,"name":"Les instances de l&#8217;UFICT"}]},{"@type":"WebSite","@id":"https:\/\/syndicoop.fr\/ufictsp\/#website","url":"https:\/\/syndicoop.fr\/ufictsp\/","name":"UFICT CGT des services publics","description":"Avec Syndicoop - la plateforme syndicale et coop\u00e9rative","publisher":{"@id":"https:\/\/syndicoop.fr\/ufictsp\/#organization"},"potentialAction":[{"@type":"SearchAction","target":{"@type":"EntryPoint","urlTemplate":"https:\/\/syndicoop.fr\/ufictsp\/?s={search_term_string}"},"query-input":{"@type":"PropertyValueSpecification","valueRequired":true,"valueName":"search_term_string"}}],"inLanguage":"fr-FR"},{"@type":"Organization","@id":"https:\/\/syndicoop.fr\/ufictsp\/#organization","name":"UFICT CGT des Services publics","url":"https:\/\/syndicoop.fr\/ufictsp\/","logo":{"@type":"ImageObject","inLanguage":"fr-FR","@id":"https:\/\/syndicoop.fr\/ufictsp\/#\/schema\/logo\/image\/","url":"https:\/\/syndicoop.fr\/ufictsp\/wp-content\/uploads\/sites\/35\/2019\/12\/Logoufictnational.png","contentUrl":"https:\/\/syndicoop.fr\/ufictsp\/wp-content\/uploads\/sites\/35\/2019\/12\/Logoufictnational.png","width":684,"height":464,"caption":"UFICT CGT des Services publics"},"image":{"@id":"https:\/\/syndicoop.fr\/ufictsp\/#\/schema\/logo\/image\/"}}]}},"_links":{"self":[{"href":"https:\/\/syndicoop.fr\/ufictsp\/wp-json\/wp\/v2\/pages\/586","targetHints":{"allow":["GET"]}}],"collection":[{"href":"https:\/\/syndicoop.fr\/ufictsp\/wp-json\/wp\/v2\/pages"}],"about":[{"href":"https:\/\/syndicoop.fr\/ufictsp\/wp-json\/wp\/v2\/types\/page"}],"author":[{"embeddable":true,"href":"https:\/\/syndicoop.fr\/ufictsp\/wp-json\/wp\/v2\/users\/1"}],"replies":[{"embeddable":true,"href":"https:\/\/syndicoop.fr\/ufictsp\/wp-json\/wp\/v2\/comments?post=586"}],"version-history":[{"count":0,"href":"https:\/\/syndicoop.fr\/ufictsp\/wp-json\/wp\/v2\/pages\/586\/revisions"}],"wp:featuredmedia":[{"embeddable":true,"href":"https:\/\/syndicoop.fr\/ufictsp\/wp-json\/wp\/v2\/media\/685"}],"wp:attachment":[{"href":"https:\/\/syndicoop.fr\/ufictsp\/wp-json\/wp\/v2\/media?parent=586"}],"curies":[{"name":"wp","href":"https:\/\/api.w.org\/{rel}","templated":true}]}}